-- https://www.phpmyadmin.net/
--
-- Servidor: localhost:3306
-- Tiempo de generación: 30-04-2024 a las 11:33:34
-- Versión del servidor: 10.6.17-MariaDB
-- Versión de PHP: 8.1.27

START TRANSACTION;



--
-- Base de datos: `fundaci4_cch-front`
--

-- --------------------------------------------------------

--
-- Estructura de tabla para la tabla `bank_accounts`
--

CREATE TABLE `bank_accounts` (
  `bank_accounts_id` bigint(20) UNSIGNED NOT NULL,
  `description` varchar(255) NOT NULL,
  `money_available` double(8,2) NOT NULL,
  `created_at` timestamp NULL DEFAULT NULL,
  `updated_at` timestamp NULL DEFAULT NULL
) ENGINE=InnoDB DEFAULT CHARSET=utf8mb4 COLLATE=utf8mb4_unicode_ci;

-- --------------------------------------------------------

--
-- Estructura de tabla para la tabla `bank_accounts_tours`
--

CREATE TABLE `bank_accounts_tours` (
  `bank_account_tour_id` bigint(20) UNSIGNED NOT NULL,
  `bank_accounts_id` bigint(20) UNSIGNED NOT NULL,
  `monthly_tour_id` bigint(20) UNSIGNED NOT NULL,
  `utility` double(8,2) NOT NULL,
  `money_before_tour` double(8,2) NOT NULL,
  `money_after_tour` double(8,2) NOT NULL,
  `created_at` timestamp NULL DEFAULT NULL,
  `updated_at` timestamp NULL DEFAULT NULL
) ENGINE=InnoDB DEFAULT CHARSET=utf8mb4 COLLATE=utf8mb4_unicode_ci;

-- --------------------------------------------------------

--
-- Estructura de tabla para la tabla `categories`
--

CREATE TABLE `categories` (
  `categories_id` bigint(20) UNSIGNED NOT NULL,
  `Description` text DEFAULT NULL,
  `created_at` timestamp NULL DEFAULT NULL,
  `updated_at` timestamp NULL DEFAULT NULL
) ENGINE=InnoDB DEFAULT CHARSET=utf8mb4 COLLATE=utf8mb4_unicode_ci;

--
-- Volcado de datos para la tabla `categories`
--

INSERT INTO `categories` (`categories_id`, `Description`, `created_at`, `updated_at`) VALUES
(1, 'Carpas', '2023-12-29 18:36:48', '2023-12-29 18:36:48'),
(2, 'Sleepings', '2023-12-29 18:36:48', '2023-12-29 18:36:48'),
(3, 'Aislantes', '2023-12-29 18:36:48', '2023-12-29 18:36:48'),
(4, 'Equipos de Cocina', '2023-12-29 18:36:48', '2023-12-29 18:36:48'),
(5, 'Iluminación', '2023-12-29 18:36:48', '2023-12-29 18:36:48'),
(6, 'Ropa y Calzado', '2023-12-29 18:36:48', '2023-12-29 18:36:48'),
(7, 'Herramientas y Cuchillos', '2023-12-29 18:36:48', '2023-12-29 18:36:48'),
(8, 'Equipo de Senderismo', '2023-12-29 18:36:48', '2023-12-29 18:36:48'),
(9, 'Seguridad y Primeros Auxilios', '2023-12-29 18:36:48', '2023-12-29 18:36:48'),
(10, 'Electrónica', '2023-12-29 18:36:48', '2023-12-29 18:36:48'),
(11, 'Refrigerios', '2023-12-29 18:36:48', '2023-12-29 18:36:48'),
(12, 'Desayuno', '2023-12-29 18:36:48', '2023-12-29 18:36:48'),
(13, 'Merienda', '2023-12-29 18:36:48', '2023-12-29 18:36:48');

-- --------------------------------------------------------

--
-- Estructura de tabla para la tabla `equipment`
--

CREATE TABLE `equipment` (
  `equipment_id` bigint(20) UNSIGNED NOT NULL,
  `name` varchar(255) NOT NULL,
  `description` text NOT NULL,
  `cost` double(8,2) NOT NULL,
  `img_1` varchar(255) NOT NULL,
  `state` tinyint(1) NOT NULL,
  `type` varchar(255) NOT NULL,
  `discount` double(8,2) NOT NULL,
  `discount_description` varchar(255) NOT NULL,
  `contact_phone` varchar(255) NOT NULL,
  `messagge_for_contact` varchar(255) NOT NULL,
  `varchar_1` varchar(255) DEFAULT NULL,
  `varchar_2` varchar(255) DEFAULT NULL,
  `varchar_3` varchar(255) DEFAULT NULL,
  `last_user` int(11) DEFAULT NULL,
  `created_at` timestamp NULL DEFAULT NULL,
  `updated_at` timestamp NULL DEFAULT NULL
) ENGINE=InnoDB DEFAULT CHARSET=utf8mb4 COLLATE=utf8mb4_unicode_ci;

--
-- Volcado de datos para la tabla `equipment`
--

INSERT INTO `equipment` (`equipment_id`, `name`, `description`, `cost`, `img_1`, `state`, `type`, `discount`, `discount_description`, `contact_phone`, `messagge_for_contact`, `varchar_1`, `varchar_2`, `varchar_3`, `last_user`, `created_at`, `updated_at`) VALUES
(1, 'Buff Ruta Altar', '¡Prepárate para explorar la naturaleza con nuestro buff de montaña! 🏞️❄️ Este accesorio versátil y cómodo te mantendrá abrigado en los días fríos. 🌄 Además, su diseño de alta calidad te garantiza durabilidad y resistencia para tus aventuras al aire libre. ¡No esperes más y obtén el tuyo ahora! 🙌🧣', 4.00, 'equipment/DsdMhoO49Dphoto1674782397.jpeg', 1, 'Accesorios', 0.00, 'Ninguno', '0961119670', 'Hola Me gustaría adquirir su buff personalizado del Altar', NULL, NULL, NULL, NULL, '2023-04-18 23:14:09', NULL),
(2, 'Manta Térmica', '🔆 ¡No dejes que el frío te detenga en tus aventuras al aire libre! Con nuestra manta térmica de emergencia, estarás preparado para enfrentar cualquier situación y mantener el calor en todo momento. ❄️🔥\r\n\r\n💪 Diseñada con materiales de alta calidad, nuestra manta térmica es ligera, compacta y fácil de llevar contigo en tus excursiones, campamentos o actividades al aire libre. 🏕️🚵‍♂️🏔️\r\n\r\n🛡️ La manta está fabricada con un material reflectante que ayuda a conservar el calor corporal, brindándote protección contra el frío extremo y manteniéndote resguardado incluso en condiciones adversas. ⛄️🌬️', 4.99, 'equipment/aIxIpBTBhLmodelo para web (7).png', 1, 'Accesorios', 0.00, '0', '0961119670', 'Hola me gustaría comprar una manta térmica', NULL, NULL, NULL, NULL, '2023-06-22 17:07:52', NULL),
(3, 'Energizante Natural', '«Es un Energizante con Extractos Naturales » que gracias a su alto contenido de vitaminas del complejo B ayuda a la producción de energía, antioxidante, mejora el rendimiento en las actividades deportivas, ayuda a mejorar síntomas de cansancio y somnolencia.', 1.50, 'equipment/AgsL5MbL8Cmodelo para web.png', 1, 'Accesorios', 0.00, '0', '0961119670', 'Hola me ayudas con el biocros', NULL, NULL, NULL, NULL, '2023-07-13 11:11:30', '2023-07-13 11:21:13'),
(4, 'Relajante Muscular', 'Proporciona energía y bienestar general. Ayuda a combatir las sensaciones de cansancio, fatiga y estrés, así como dolores de cabeza, gota y calambres.\r\nGarantiza un máximo de rendimiento físico y mental.\r\nDa energía a nivel muscular.\r\nCombate el estrés.\r\nAyuda a eliminar el dolor muscular y los calambres.\r\nEs ideal para atletas y físico culturistas.\r\nAyuda a desaparecer el dolor o lastimadura de huesos y músculos, y los calambres.', 1.50, 'equipment/MkjJ4b2DBimodelo para web (1).png', 1, 'Accesorios', 0.00, 'Ninguno', '0961119670', 'Hola me ayudas con un starbien', NULL, NULL, NULL, NULL, '2023-07-13 11:15:33', '2023-07-13 11:33:18');

-- --------------------------------------------------------

--
-- Estructura de tabla para la tabla `equipment_rents`
--

CREATE TABLE `equipment_rents` (
  `equipment_rent_id` bigint(20) UNSIGNED NOT NULL,
  `inventories_id` int(11) DEFAULT NULL,
  `name` varchar(255) DEFAULT NULL,
  `description` text DEFAULT NULL,
  `cost` double(8,2) DEFAULT NULL,
  `img_1` varchar(255) DEFAULT NULL,
  `state` tinyint(1) DEFAULT NULL,
  `type` varchar(255) DEFAULT NULL,
  `isActive` tinyint(1) DEFAULT NULL,
  `discount` double(8,2) DEFAULT NULL,
  `discount_description` varchar(255) DEFAULT NULL,
  `contact_phone` varchar(255) DEFAULT NULL,
  `messagge_for_contact` varchar(255) DEFAULT NULL,
  `cch_points` double(8,2) DEFAULT NULL,
  `varchar_1` varchar(255) DEFAULT NULL,
  `varchar_2` varchar(255) DEFAULT NULL,
  `varchar_3` varchar(255) DEFAULT NULL,
  `last_user` int(11) DEFAULT NULL,
  `created_at` timestamp NULL DEFAULT NULL,
  `updated_at` timestamp NULL DEFAULT NULL
) ENGINE=InnoDB DEFAULT CHARSET=utf8mb4 COLLATE=utf8mb4_unicode_ci;

--
-- Volcado de datos para la tabla `equipment_rents`
--

INSERT INTO `equipment_rents` (`equipment_rent_id`, `inventories_id`, `name`, `description`, `cost`, `img_1`, `state`, `type`, `isActive`, `discount`, `discount_description`, `contact_phone`, `messagge_for_contact`, `cch_points`, `varchar_1`, `varchar_2`, `varchar_3`, `last_user`, `created_at`, `updated_at`) VALUES
(1, NULL, 'Carpa 2 Personas 3 Estaciones', '🏕️ ¡Experimenta la magia del camping con nuestra carpa para dos personas! 🌟 Listos para todas las estaciones, te brindamos la oportunidad de disfrutar la naturaleza con comodidad. ⛺️\r\n\r\n✨ Características que te encantarán:\r\n\r\nFácil montaje para que comiences tu aventura rápidamente.\r\nResistente a todas las estaciones para adaptarse a tus planes.\r\nEspacio acogedor perfecto para dos personas.\r\nVentilación estratégica para noches frescas e inolvidables.\r\n🌲 Prepárate para explorar, relajarte y crear recuerdos increíbles bajo el cielo estrellado. 🌌 ¡Reserva ahora y asegura tu escape perfecto! 🚀 #Camping #AventuraJuntos #TentLife', 10.00, 'equipmentRent/woS7xHnBytcarpa.png', 1, 'Carpa', NULL, 0.00, '0', '0961119670', 'Hola deseo alquilar la carpa de 2 personas', NULL, NULL, NULL, NULL, NULL, '2024-01-25 11:38:56', NULL),
(2, NULL, 'Carpa 3 Personas 3 Estaciones', '🏕️ ¡Aventuras inolvidables te esperan con nuestra carpa para 3 personas! 🌟 Diseñada para todas las estaciones, esta carpa te ofrece la combinación perfecta de espacio y comodidad. ⛺️\r\n\r\n✨ Características destacadas:\r\n\r\nMontaje fácil y rápido para comenzar tu experiencia sin complicaciones.\r\nResistencia a todas las estaciones, adaptándose a cualquier clima.\r\nAmplio espacio para tres personas, ideal para grupos pequeños.\r\nVentilación estratégica para noches frescas y revitalizantes.\r\n🌈 Vive la emoción del camping en compañía. ¡Reserva ahora y prepárate para compartir momentos mágicos bajo el cielo estrellado! 🌌🚀 #CampingEnGrupo #TentLife #AventurasJuntos', 15.00, 'equipmentRent/YZmDnKXOiFcarpa (1).png', 1, 'Carpa', NULL, 0.00, '0', '0961119670', 'Hola deseo alquilar la carpa de 3 personas', NULL, NULL, NULL, NULL, NULL, '2024-01-25 11:41:01', NULL),
(3, NULL, 'Botas de caucho', '¡Desata tu espíritu aventurero y conquista el lodo con nuestras botas de caucho, disponibles para alquiler! 🌧️🥾 Descubre la combinación perfecta de resistencia, comodidad y estilo mientras exploras terrenos embarrados. 💪🏞️ No permitas que el lodo te detenga, ¡camina con confianza hacia la aventura! 🌟 Alquila tus botas hoy y sumérgete en una experiencia sin límites. 🌿👢 #AventuraSinLímites #BotasDeCaucho #ExploraConConfianza\r\n\r\nTallas 35-38-40', 5.00, 'equipmentRent/jbP376EaEAcarpa (2).png', 1, 'Ropa', NULL, 0.00, '0', '0961119670', 'Hola deseo alquilar las botas de caucho', NULL, NULL, NULL, NULL, NULL, '2024-01-25 11:45:48', NULL),
(4, NULL, 'Sleeping Bag Oursky -4°C', '¡Prepárate para una noche llena de sueños bajo las estrellas con nuestros increíbles sacos de dormir disponibles para alquiler! 🌌✨ ¿Listo para convertir tus noches al aire libre en momentos inolvidables? 🏕️💤 Alquila un sleeping de calidad y duerme con comodidad mientras la naturaleza te abraza. 🌳🛌 ¡Haz de cada aventura una experiencia de descanso inigualable! 🌙🔥 #AventuraNocturna #SacosDeDormir #AlquilerDeSueños', 7.00, 'equipmentRent/uqbUv5KiND93mZeyicaRDiseдo sin tбtulo (2).png', 1, 'Sleeping', NULL, 0.00, '0', '0961119670', 'Hola deseo alquilar el Sleeping', NULL, NULL, NULL, NULL, NULL, '2024-01-25 11:49:22', NULL),
(5, NULL, 'Aislante Térmico', '¡No dejes que el frío te detenga! ❄️ Alquila nuestros aislantes térmicos y mantén el calor en tus noches de campamento. 🏕️🔥 Ligeros, compactos y ultraeficientes, son la clave para un descanso cálido y confortable en plena naturaleza. 🌌🛌 ¡Haz de tus aventuras invernales una experiencia acogedora e inolvidable! 🌬️🛡️ #AventuraCaliente #AislantesTérmicos #AlquilerDeCalor', 5.00, 'equipmentRent/kGOyVkRArHHrP3xrhFjaDiseдo sin tбtulo (3).png', 1, 'Accesorios', NULL, 0.00, '0', '0961119670', 'Hola deseo alquilar el Aislante', NULL, NULL, NULL, NULL, NULL, '2024-01-25 11:50:20', NULL),
(6, NULL, 'Linterna de Cabeza', '¡Ilumina tus aventuras nocturnas con nuestras linternas de cabeza disponibles para alquiler! 💡🏞️ No dejes que la oscuridad te detenga. Con nuestras linternas de cabeza, tendrás las manos libres para explorar cada rincón. 🌌👀 Alquila la tuya y descubre la magia de la naturaleza incluso después de que el sol se ponga. 🌙✨ ¡Haz que cada momento brille con nuestras potentes linternas de cabeza! 🌠🔦 #ExploraDeNoche #LinternasDeCabeza #AlquilerDeAventuras', 5.00, 'equipmentRent/G4CobGZrIQcarpa (3).png', 1, 'Accesorios', NULL, 0.00, '0', '0961119670', 'Hola deseo alquilar una linterna', NULL, NULL, NULL, NULL, NULL, '2024-01-25 11:53:44', NULL),
(7, NULL, 'Mochila 65 Litros', '¡Prepárate para tu próxima gran aventura con nuestras espaciosas mochilas de 65 litros disponibles para alquiler! 🎒✨ Con capacidad para todo lo esencial, estas mochilas son tu compañero ideal para explorar la naturaleza sin restricciones. 🏞️👣 Alquila ahora y experimenta la libertad de llevar contigo todo lo que necesitas en tu viaje. 🌍🌄 ¡Haz que cada paso cuente con nuestras mochilas de 65 litros! 💪 #ExploraciónSinLímites #Mochilas65L #AlquilerDeAventuras', 10.00, 'equipmentRent/xFO3oL6uGccarpa (4).png', 1, 'Accesorios', NULL, 0.00, '0', '0961119670', 'Hola deseo alquilar una mochila', NULL, NULL, NULL, NULL, NULL, '2024-01-25 12:02:19', NULL),
(8, NULL, 'Tanque de gas Grande', '¡Eleva tu experiencia de camping con nuestro tanque de gas de camping de 440g! 🏕️🔥 Alquila el poder que necesitas para cocinar deliciosas comidas al aire libre y mantener tu campamento cálido y acogedor. 🍳🌲 Con capacidad suficiente para toda tu escapada, este tanque de gas grande es tu aliado perfecto en la naturaleza. 🌄🎒 Alquila ahora y añade un toque de conveniencia a tus aventuras al aire libre. 🌟 ¡Cocina, calienta y disfruta al máximo! 🌈⛺ #CampingConEstilo #TanqueDeGas #AlquilerDeAventuras', 6.00, 'equipmentRent/Kw5H3ZSVsCilRQlKYVKVcZzJEbRudESt4Y6xoKVb.png', 1, 'Accesorios', NULL, 0.00, '0', '0961119670', 'Hola deseo alquilar una mochila', NULL, NULL, NULL, NULL, NULL, '2024-01-25 12:05:28', '2024-01-25 12:08:26'),
(9, NULL, 'Tanque de gas Pequeño', '¡Prepara tus momentos al aire libre con nuestro tanque de gas de camping de 220g, la elección perfecta para aventuras compactas y llenas de energía! 🏕️🔥 Ligero y eficiente, este tanque pequeño es ideal para tus escapadas más ágiles. 🍳✨ Alquila ahora y descubre la practicidad en cada rincón de la naturaleza. 🌲🎒 ¡Cocina con facilidad y disfruta al máximo sin cargar con peso extra! 🌟🌈 #CampingLigero #TanqueDeGasPequeño #AlquilerDeAventuras', 5.00, 'equipmentRent/2r7gPGEWxMcarpa (6).png', 1, 'Accesorios', NULL, 0.00, '0', '0961119670', 'Hola deseo alquilar un tanque de gas pequeño', NULL, NULL, NULL, NULL, NULL, '2024-01-25 12:07:32', NULL),
(10, NULL, 'Hornilla - Estufa', '¡Lleva la cocina a la naturaleza con nuestra hornilla de camping, disponible para alquiler! 🏕️🔥 Prepara tus comidas favoritas en cualquier lugar, sin renunciar al sabor ni a la comodidad. 🍳✨ Alquila nuestra estufa de camping y haz de cada comida al aire libre una experiencia culinaria inolvidable. 🌲🌄 ¡Descubre la libertad de cocinar en plena naturaleza! 🍽️🌿 #CocinaAlAireLibre #EstufaDeCamping #AlquilerDeAventuras', 5.00, 'equipmentRent/eHL3EfnrI6carpa (7).png', 1, 'Accesorios', NULL, 0.00, '0', '0961119670', 'Hola deseo alquilar una hornilla', NULL, NULL, NULL, NULL, NULL, '2024-01-25 12:12:22', NULL),
(11, NULL, 'Hornilla + Tanque de gas', '¡Eleva tu experiencia de camping con nuestra potente combinación: la hornilla y tanque de gas perfectos! 🏕️🔥 Alquila este dúo dinámico y lleva la cocina a nuevos horizontes en plena naturaleza. 🍳✨ Con la potencia de la hornilla y la conveniencia del tanque de gas, cada comida se convierte en una deliciosa aventura al aire libre. 🌲🌅 ¡Haz tu reserva y cocina con estilo en tu próximo campamento! 🌟🍽️ #CampingGourmet #CocinaAlAireLibre #AlquilerDeAventuras', 10.00, 'equipmentRent/RYAVFw8dugpUKTZH6XkLXFEVegRuGYxaXkL43nw6.png', 1, 'Accesorios', NULL, 0.00, '0', '0961119670', 'Hola deseo alquilar una hornilla con tanque de gas', NULL, NULL, NULL, NULL, NULL, '2024-01-25 12:16:35', '2024-01-25 12:17:41'),
(12, NULL, 'Casco Ptzl', '¡Prepárate para tus aventuras más extremas con nuestro casco de aventura PETZL, disponible para alquiler! 🧗‍♂️🔥 Ligero, resistente y ergonómico, este casco te ofrece la máxima protección mientras escalas, exploras y disfrutas al aire libre. 🌄👊 ¡Alquila ahora y dale a tu aventura una dosis extra de seguridad y comodidad! 🌟 #CascoDeAventura #ProtecciónSegura #AlquilerDeAventuras', 5.00, 'equipmentRent/Lde4HTAJ1EImagen para redes Sociales Viaje foto sacramento (7).png', 1, 'Accesorios', NULL, 0.00, 'Ninguna', '0961119670', 'Hola deseo alquilar el casco PETZL', NULL, NULL, NULL, NULL, NULL, '2024-02-18 07:38:59', '2024-02-18 09:26:08'),
(13, NULL, 'Cuerda 30m Cousin 2021 de 8.9 mm', '¡Aventúrate con seguridad con nuestra cuerda Cousin de 30 metros, un aliado imprescindible para tu próxima expedición! 🧗‍♀️💪 Con un diámetro de 8.9 mm, esta cuerda te brinda la resistencia y confiabilidad que necesitas en cualquier aventura. 🌄🌿 Alquila la tuya y experimenta el equilibrio perfecto entre ligereza y robustez. 🌟 #EscaladaExtrema #CuerdaDeConfianza #AlquilerDeAventuras', 10.00, 'equipmentRent/8oBpKcaOlsImagen para redes Sociales Viaje foto sacramento (8).png', 1, 'Accesorios', NULL, 0.00, 'Ninguna', '0961119670', 'Hola deseo alquilar la cuerda', NULL, NULL, NULL, NULL, NULL, '2024-02-18 07:50:30', NULL),
(14, NULL, 'Bastones de Trekking', '¡Descubre nuevos caminos y conquista montañas con nuestro bastón de trekking disponible para alquiler! 🏞️💪 Este aliado confiable te brinda estabilidad y apoyo en cada paso, reduciendo la fatiga y protegiendo tus articulaciones. 🚶‍♀️🚶‍♂️ Alquila ahora y vive una experiencia de trekking inigualable. 🌟 #TrekkingSeguro #BastónConfiable #AlquilerDeAventuras', 7.00, 'equipmentRent/px5ti8UH7XImagen para redes Sociales Viaje foto sacramento (9).png', 1, 'Accesorios', NULL, 0.00, 'Ninguna', '0997159098', 'Hola deseo alquilar los bastones de trekking', NULL, NULL, NULL, NULL, NULL, '2024-02-18 09:23:26', NULL);

-- --------------------------------------------------------

--
-- Estructura de tabla para la tabla `expenses_tours`
--

CREATE TABLE `expenses_tours` (
  `expense_tour_id` bigint(20) UNSIGNED NOT NULL,
  `monthly_tour_id` bigint(20) UNSIGNED NOT NULL,
  `quantity` double(8,2) NOT NULL,
  `description` text NOT NULL,
  `unit_cost` double(8,2) NOT NULL,
  `total_cost` double(8,2) NOT NULL,
  `created_at` timestamp NULL DEFAULT NULL,
  `updated_at` timestamp NULL DEFAULT NULL
) ENGINE=InnoDB DEFAULT CHARSET=utf8mb4 COLLATE=utf8mb4_unicode_ci;

-- --------------------------------------------------------

--
-- Estructura de tabla para la tabla `exposition_tours`
--

CREATE TABLE `exposition_tours` (
  `exposition_tour_id` bigint(20) UNSIGNED NOT NULL,
  `tour_name` varchar(255) NOT NULL,
  `tour_destiny` varchar(255) NOT NULL,
  `description` text NOT NULL,
  `include` text NOT NULL,
  `cost_1` double(8,2) NOT NULL,
  `cost_2` double(8,2) NOT NULL,
  `cost_3` double(8,2) NOT NULL,
  `cost_4` double(8,2) NOT NULL,
  `img_1` varchar(255) NOT NULL,
  `img_2` varchar(255) NOT NULL,
  `state` tinyint(1) NOT NULL,
  `type` varchar(255) NOT NULL,
  `discount` double(8,2) NOT NULL,
  `varchar_1` varchar(255) NOT NULL,
  `varchar_2` varchar(255) NOT NULL,
  `varchar_3` varchar(255) NOT NULL,
  `created_at` timestamp NULL DEFAULT NULL,
  `updated_at` timestamp NULL DEFAULT NULL
) ENGINE=InnoDB DEFAULT CHARSET=utf8mb4 COLLATE=utf8mb4_unicode_ci;

-- --------------------------------------------------------

--
-- Estructura de tabla para la tabla `failed_jobs`
--

CREATE TABLE `failed_jobs` (
  `id` bigint(20) UNSIGNED NOT NULL,
  `uuid` varchar(255) NOT NULL,
  `connection` text NOT NULL,
  `queue` text NOT NULL,
  `payload` longtext NOT NULL,
  `exception` longtext NOT NULL,
  `failed_at` timestamp NOT NULL DEFAULT current_timestamp()
) ENGINE=InnoDB DEFAULT CHARSET=utf8mb4 COLLATE=utf8mb4_unicode_ci;

-- --------------------------------------------------------

--
-- Estructura de tabla para la tabla `galleries`
--

CREATE TABLE `galleries` (
  `gallery_id` bigint(20) UNSIGNED NOT NULL,
  `name` varchar(255) DEFAULT NULL,
  `img_1` varchar(255) NOT NULL,
  `created_at` timestamp NULL DEFAULT NULL,
  `updated_at` timestamp NULL DEFAULT NULL
) ENGINE=InnoDB DEFAULT CHARSET=utf8mb4 COLLATE=utf8mb4_unicode_ci;

--
-- Volcado de datos para la tabla `galleries`
--

INSERT INTO `galleries` (`gallery_id`, `name`, `img_1`, `created_at`, `updated_at`) VALUES
(1, 'Puñay', 'gallery/gAxJIfmJZJIMG-20230409-WA0062.jpg', '2023-04-13 10:24:33', NULL),
(2, NULL, 'gallery/cwoc4yZ249IMG-20230411-WA0024.jpg', '2023-04-13 10:27:19', NULL),
(4, NULL, 'gallery/2O9zf3EXC0gallery2.jpeg', '2023-04-18 12:31:13', NULL),
(5, NULL, 'gallery/BPDvgo6B02WhatsApp Image 2023-04-04 at 18.21.37 (1).jpeg', '2023-04-18 12:31:35', NULL),
(6, NULL, 'gallery/pNvHo8I60lWhatsApp Image 2022-11-20 at 4.32.53 PM.jpeg', '2023-04-18 13:52:33', NULL),
(7, NULL, 'gallery/2HNJTOPiDOIMG_20221119_194508 (1).jpg', '2023-04-18 13:53:31', NULL),
(8, NULL, 'gallery/GbCleIm3UOIMG_20221029_171326.jpg', '2023-06-23 17:13:19', NULL),
(9, NULL, 'gallery/7JbvhTeHQVIMG_20230128_133120.jpg', '2023-06-23 17:13:32', NULL),
(10, NULL, 'gallery/XCnA51gkyaIMG_20230408_181848.jpg', '2023-06-23 17:14:23', NULL),
(11, NULL, 'gallery/F7oFGekX3IIMG_20230618_082057.jpg', '2023-06-23 17:14:43', NULL),
(12, NULL, 'gallery/I6jsLX0NncIMG_20230618_090952.jpg', '2023-06-23 17:15:58', NULL),
(13, NULL, 'gallery/FjVgtQbF5PIMG-20230527-WA0013.jpg', '2023-06-23 17:17:28', NULL),
(14, NULL, 'gallery/n4fqf0IMZaImagen para redes Sociales Viaje foto sacramento.png', '2024-02-16 19:28:54', NULL),
(15, NULL, 'gallery/xiCJZEeJvHImagen para redes Sociales Viaje foto sacramento (3).png', '2024-02-16 19:29:29', NULL),
(16, NULL, 'gallery/tuDZ6rwlXDImagen para redes Sociales Viaje foto sacramento (1).png', '2024-02-16 19:31:14', NULL),
(17, NULL, 'gallery/HORWf160GZImagen para redes Sociales Viaje foto sacramento (4).png', '2024-02-16 19:31:47', NULL);

-- --------------------------------------------------------

--
-- Estructura de tabla para la tabla `incomes_tours`
--

CREATE TABLE `incomes_tours` (
  `income_tour_id` bigint(20) UNSIGNED NOT NULL,
  `monthly_tour_id` bigint(20) UNSIGNED NOT NULL,
  `quantity` double(8,2) NOT NULL,
  `description` text NOT NULL,
  `unit_cost` double(8,2) NOT NULL,
  `total_cost` double(8,2) NOT NULL,
  `created_at` timestamp NULL DEFAULT NULL,
  `updated_at` timestamp NULL DEFAULT NULL
) ENGINE=InnoDB DEFAULT CHARSET=utf8mb4 COLLATE=utf8mb4_unicode_ci;

-- --------------------------------------------------------

--
-- Estructura de tabla para la tabla `inventories`
--

CREATE TABLE `inventories` (
  `inventories_id` bigint(20) UNSIGNED NOT NULL,
  `product_id` int(11) NOT NULL,
  `stock` double(8,2) DEFAULT NULL,
  `inWarehouse` double(8,2) DEFAULT NULL,
  `withoutWarehouse` double(8,2) DEFAULT NULL,
  `Observation` text DEFAULT NULL,
  `status_id` int(11) DEFAULT NULL,
  `varchar2` text DEFAULT NULL,
  `varchar3` text DEFAULT NULL,
  `created_at` timestamp NULL DEFAULT NULL,
  `updated_at` timestamp NULL DEFAULT NULL
) ENGINE=InnoDB DEFAULT CHARSET=utf8mb4 COLLATE=utf8mb4_unicode_ci;

--
-- Volcado de datos para la tabla `inventories`
--

INSERT INTO `inventories` (`inventories_id`, `product_id`, `stock`, `inWarehouse`, `withoutWarehouse`, `Observation`, `status_id`, `varchar2`, `varchar3`, `created_at`, `updated_at`) VALUES
(1, 1, 16.00, 16.00, 0.00, NULL, 3, NULL, NULL, NULL, NULL),
(2, 4, 1.00, 1.00, 0.00, NULL, 3, NULL, NULL, NULL, NULL),
(3, 6, 5.00, 5.00, 0.00, NULL, 1, NULL, NULL, NULL, NULL),
(4, 7, 5.00, 5.00, 0.00, NULL, 1, NULL, NULL, NULL, NULL),
(5, 8, 2.00, 2.00, 0.00, NULL, 1, NULL, NULL, NULL, NULL),
(6, 9, 3.00, 3.00, 0.00, NULL, 1, NULL, NULL, NULL, NULL),
(7, 10, 1.00, 1.00, 0.00, NULL, 1, NULL, NULL, NULL, NULL),
(8, 11, 1.00, 1.00, 0.00, NULL, 1, NULL, NULL, NULL, NULL),
(9, 12, 1.00, 1.00, 0.00, NULL, 1, NULL, NULL, NULL, NULL),
(10, 13, 1.00, 1.00, 0.00, NULL, 1, NULL, NULL, NULL, NULL),
(11, 14, 1.00, 1.00, 0.00, NULL, 2, NULL, NULL, NULL, NULL),
(12, 15, 1.00, 0.00, 1.00, NULL, 1, NULL, NULL, NULL, NULL),
(13, 16, 1.00, 1.00, 0.00, NULL, 2, NULL, NULL, NULL, NULL),
(14, 17, 1.00, 1.00, 0.00, NULL, 2, NULL, NULL, NULL, NULL);

-- --------------------------------------------------------

--
-- Estructura de tabla para la tabla `listas`
--

CREATE TABLE `listas` (
  `list_id` bigint(20) UNSIGNED NOT NULL,
  `monthly_tour_id` int(11) NOT NULL,
  `status` int(11) NOT NULL,
  `Description` text DEFAULT NULL,
  `varchar1` text DEFAULT NULL,
  `int1` int(11) DEFAULT NULL,
  `created_at` timestamp NULL DEFAULT NULL,
  `updated_at` timestamp NULL DEFAULT NULL
) ENGINE=InnoDB DEFAULT CHARSET=utf8mb4 COLLATE=utf8mb4_unicode_ci;

--
-- Volcado de datos para la tabla `listas`
--

INSERT INTO `listas` (`list_id`, `monthly_tour_id`, `status`, `Description`, `varchar1`, `int1`, `created_at`, `updated_at`) VALUES
(1, 3, 1, 'ALTAR - LAGUNA AMARILLA', NULL, NULL, '2024-01-17 20:55:10', '2024-01-17 20:55:10');

-- --------------------------------------------------------

--
-- Estructura de tabla para la tabla `migrations`
--

CREATE TABLE `migrations` (
  `id` int(10) UNSIGNED NOT NULL,
  `migration` varchar(255) NOT NULL,
  `batch` int(11) NOT NULL
) ENGINE=InnoDB DEFAULT CHARSET=utf8mb4 COLLATE=utf8mb4_unicode_ci;

--
-- Volcado de datos para la tabla `migrations`
--

INSERT INTO `migrations` (`id`, `migration`, `batch`) VALUES
(1, '2014_10_12_000000_create_users_table', 1),
(2, '2014_10_12_100000_create_password_resets_table', 1),
(3, '2016_06_01_000001_create_oauth_auth_codes_table', 1),
(4, '2016_06_01_000002_create_oauth_access_tokens_table', 1),
(5, '2016_06_01_000003_create_oauth_refresh_tokens_table', 1),
(6, '2016_06_01_000004_create_oauth_clients_table', 1),
(7, '2016_06_01_000005_create_oauth_personal_access_clients_table', 1),
(8, '2019_08_19_000000_create_failed_jobs_table', 1),
(9, '2022_06_14_073855_create_exposition_tours_table', 1),
(10, '2022_06_14_073925_create_monthly_tours_table', 1),
(11, '2022_06_14_074030_create_montly_tours_users_table', 1),
(12, '2022_06_14_074120_create_incomes_tours_table', 1),
(13, '2022_06_14_074200_create_expenses_tours_table', 1),
(14, '2022_06_14_074238_create_bank_accounts_table', 1),
(15, '2022_06_14_074306_create_bank_accounts_tours_table', 1),
(16, '2022_09_18_201603_create_tour_catalogues_table', 1),
(17, '2022_10_11_221452_create_equipment_table', 1),
(18, '2023_01_08_191159_create_equipment_rents_table', 1),
(19, '2023_03_22_154149_create_galleries_table', 1),
(20, '2023_06_27_151131_create_passenger_list_monthly_tours_table', 1),
(21, '2023_06_27_151622_create_passenger_lists_table', 1),
(22, '2023_06_30_193810_create_passengers_table', 1),
(23, '2023_09_09_064759_create_listas_table', 1),
(24, '2023_09_10_184656_create_categories_table', 1),
(25, '2023_09_10_184738_create_products_table', 1),
(26, '2023_09_10_184812_create_inventories_table', 1),
(27, '2023_09_10_190020_create_warehouses_table', 1),
(28, '2023_09_10_190040_create_product_warehouses_table', 1),
(29, '2023_09_10_191436_create_suppliers_table', 1),
(30, '2023_09_16_064402_create_statuses_table', 1),
(31, '2023_11_15_171614_create_produts_list_warehouses_table', 1),
(32, '2023_11_17_111401_create_request_products_to_warehouses_table', 1),
(33, '2023_11_20_170946_create_request_complete_products_table', 1);

-- --------------------------------------------------------

--
-- Estructura de tabla para la tabla `monthly_tours`
--

CREATE TABLE `monthly_tours` (
  `monthly_tour_id` bigint(20) UNSIGNED NOT NULL,
  `tour_name` varchar(255) NOT NULL,
  `tour_destiny` varchar(255) NOT NULL,
  `description` text NOT NULL,
  `include` text NOT NULL,
  `img_1` varchar(255) NOT NULL,
  `img_2` varchar(255) NOT NULL,
  `state` tinyint(1) NOT NULL,
  `type` varchar(255) NOT NULL,
  `dificulty` varchar(255) NOT NULL,
  `person_cost` double(8,2) NOT NULL,
  `group_cost` double(8,2) NOT NULL,
  `discount` double(8,2) DEFAULT NULL,
  `income` double(8,2) DEFAULT NULL,
  `egress` double(8,2) DEFAULT NULL,
  `utility` double(8,2) DEFAULT NULL,
  `contact_phone` varchar(255) NOT NULL,
  `messagge_for_contact` varchar(255) NOT NULL,
  `departure_date` date NOT NULL,
  `return_date` date NOT NULL,
  `varchar_1` varchar(255) DEFAULT NULL,
  `varchar_2` varchar(255) DEFAULT NULL,
  `varchar_3` varchar(255) DEFAULT NULL,
  `created_at` timestamp NULL DEFAULT NULL,
  `updated_at` timestamp NULL DEFAULT NULL
) ENGINE=InnoDB DEFAULT CHARSET=utf8mb4 COLLATE=utf8mb4_unicode_ci;

--
-- Volcado de datos para la tabla `monthly_tours`
--

INSERT INTO `monthly_tours` (`monthly_tour_id`, `tour_name`, `tour_destiny`, `description`, `include`, `img_1`, `img_2`, `state`, `type`, `dificulty`, `person_cost`, `group_cost`, `discount`, `income`, `egress`, `utility`, `contact_phone`, `messagge_for_contact`, `departure_date`, `return_date`, `varchar_1`, `varchar_2`, `varchar_3`, `created_at`, `updated_at`) VALUES
(1, 'VISITANDO EL CRATER DE UN VOLCÁN', 'QUILOTOA', '🏕️ ¡Descubre la magia del cráter del volcán Quilotoa en nuestro camping de dos días y una noche! 🌋⛺️\r\n\r\n🌄 Sumérgete en la belleza natural de este volcán extinto y disfruta de vistas impresionantes. 🌈🌌\r\n\r\n🥾 Explora senderos escénicos, admira la majestuosidad del cráter y conecta con la energía de la naturaleza. 🌿🌞\r\n\r\n✨ Vive una experiencia única en el corazón de los Andes, rodeado de paisajes cautivadores y tranquilidad absoluta. ¡No hay mejor manera de escapar de la rutina! 🏞️🌿\r\n\r\n¡Únete a nosotros en esta aventura inolvidable en el cráter del volcán Quilotoa! ¡Reserva ahora y vive una experiencia que te dejará sin aliento! 🌋', 'Guia, Ticket de ingreso, Cena Sábado, Desayuno Domingo,  Carpa de Media-Alta montaña, Sleeping Bag, Aislante Térmico, Fogara, Charla Astronómica.', 'monthly/MgxCFMAJjXWhatsApp Image 2024-01-03 at 10.09.42 PM.jpeg', 'monthly/cbHKkjW1geWhatsApp Image 2024-01-03 at 10.09.42 PM.jpeg', 0, 'Camping', 'Moderada - Facil', 40.00, 35.00, 0.00, 0.00, 0.00, 0.00, '0961119670', 'Hola me gustaría reservar mi cupo para la ruta al Quilotoa', '2024-01-07', '2024-01-08', NULL, NULL, NULL, '2024-01-03 23:10:14', '2024-04-06 22:43:04'),
(2, 'AGUAS TERMALES DEL CHIMBORAZO +', 'Laguna Congelada Carihuairazo', '¡Ven y disfruta de una experiencia única en los Andes ecuatorianos con nuestro tour de 2 días! 🌋🏞️🌡️ Sumérgete en las aguas termales del majestuoso Volcán Chimborazo y visita la impresionante Laguna Congelada del Carihuairazo. 🏊❄️ Después de un día lleno de aventuras, descansa en nuestro acogedor refugio de montaña rodeado de paisajes increíbles. 🏕️🌟 ¡No pierdas la oportunidad de vivir una experiencia única en la naturaleza! Reserva tu lugar ahora. 🙌🌄🌌', 'Transporte desde Riobamba, Desayuno Sábado, Box Lounch Sábado Desayuno, Cena Sábado, Desayuno Domingo, Carpa de Media-Alta montaña, Sleeping Bag, Aislante Térmico, Guianza, Costo de Ingreso al Carihuirazo, Costo de Ingreso a Aguas Termales.', 'monthly/wflrLZAkWBWhatsApp Image 2024-01-03 at 10.09.42 PM (2).jpeg', 'monthly/vgumQU6SjTWhatsApp Image 2024-01-03 at 10.09.42 PM (2).jpeg', 0, 'Full Day', 'Moderada', 0.00, 0.00, 0.00, 0.00, 0.00, 0.00, '0993786135', 'Hola me gustaría tener información para la ruta al Carihuairazo. Vi esto en la web', '2024-01-08', '2024-01-08', NULL, NULL, NULL, '2024-01-03 23:17:31', '2024-04-06 22:43:04'),
(3, 'PON A PRUEBA TU MENTE Y CUERPO', 'ALTAR - LAGUNA AMARILLA', '🏕️ ¿Quieres vivir una aventura inolvidable en medio de la naturaleza? ¡Te invitamos a nuestro camping en el Nevado El Altar y su hermosa Laguna Amarilla! ⛺.\r\nDesconecta del estrés de la ciudad y reconéctate con la naturaleza en una de las zonas más impresionantes de Ecuador. ¡Reserva ahora tu lugar en nuestro camping en el Nevado El Altar y su Laguna Amarilla! 🏞️🛍️', 'Transporte desde Riobamba, Desayuno Sábado, Cena Sábado, Desayuno Domingo, Guia, Mula de Carga para Equipo de Camping, Carpa de Media-Alta montaña, Sleeping Bag, Aislante Térmico.', 'monthly/8ypOKtJAP2descarga.jpg', 'monthly/zzvwxuUrYvdescarga.jpg', 0, 'Camping', 'Moderada - Alta', 75.00, 70.00, 0.00, 0.00, 0.00, 0.00, '0961119670', 'Hola, me ayudan con informacion para el camping en el Altar vi esta publicación en la web', '2024-01-13', '2024-01-14', NULL, NULL, NULL, '2024-01-03 23:22:51', '2024-04-06 22:43:04'),
(5, 'CAMPING SOBRE LAS NUBES', 'CERRO PUÑAY', '¡Vive una aventura única en el cerro Puñay con nuestro camping sobre las nubes! 🏕️🌤️🌄 Descubre paisajes mágicos, respira aire puro y admira vistas panorámicas impresionantes. ¡No te pierdas la oportunidad de acampar en la cima! Reserva tu lugar ahora. 🌟🌲☁️🏞️', 'Guia, Ticket de ingreso, Cena Sábado, Desayuno Domingo,  Carpa de Media-Alta montaña, Sleeping Bag, Aislante Térmico, Fogata, Charla Astronómica.', 'monthly/8Z5lYF0kNcdescarga (1).jpg', 'monthly/cYzp9fBVMbdescarga (1).jpg', 0, 'Camping', 'Moderada', 40.00, 35.00, 0.00, 0.00, 0.00, 0.00, '0961119670', 'Hola me gustaría informacion de la ruta de su catalogo hacia el Puñay', '2024-01-13', '2024-01-14', NULL, NULL, NULL, '2024-01-03 23:28:49', '2024-04-06 22:43:04'),
(6, 'PON A PRUEBA TU MENTE Y CUERPO', 'ALTAR - LAGUNA AMARILLA', '🏕️ ¿Quieres vivir una aventura inolvidable en medio de la naturaleza? ¡Te invitamos a nuestro camping en el Nevado El Altar y su hermosa Laguna Amarilla! ⛺.\r\nDesconecta del estrés de la ciudad y reconéctate con la naturaleza en una de las zonas más impresionantes de Ecuador. ¡Reserva ahora tu lugar en nuestro camping en el Nevado El Altar y su Laguna Amarilla! 🏞️🛍️', 'Transporte desde Riobamba, Desayuno Sábado, Cena Sábado, Desayuno Domingo, Guia, Mula de Carga para Equipo de Camping, Carpa de Media-Alta montaña, Sleeping Bag, Aislante Térmico.', 'monthly/yO7mUQZzQtdescarga (2).jpg', 'monthly/Khj6Qr23UPdescarga (2).jpg', 0, 'Camping', 'Moderada - Alta', 75.00, 70.00, 0.00, 0.00, 0.00, 0.00, '0961119670', 'Hola, me ayudan con informacion para el camping en el Altar vi esta publicación en la web', '2024-01-20', '2024-01-21', NULL, NULL, NULL, '2024-01-03 23:32:35', '2024-04-06 22:43:04'),
(7, 'CAMPING SOBRE LAS NUBES', 'CERRO PUÑAY', '¡Vive una aventura única en el cerro Puñay con nuestro camping sobre las nubes! 🏕️🌤️🌄 Descubre paisajes mágicos, respira aire puro y admira vistas panorámicas impresionantes. ¡No te pierdas la oportunidad de acampar en la cima! Reserva tu lugar ahora. 🌟🌲☁️🏞️', 'Guia, Ticket de ingreso, Cena Sábado, Desayuno Domingo,  Carpa de Media-Alta montaña, Sleeping Bag, Aislante Térmico, Fogata, Charla Astronómica.', 'monthly/rRKnHrE3YDportada_punay.jpg', 'monthly/NJW9wXtI7aportada_punay.jpg', 0, 'Camping', 'Moderada', 40.00, 35.00, 0.00, 0.00, 0.00, 0.00, '0961119670', 'Hola me gustaría informacion de la ruta de su catalogo hacia el Puñay', '2024-01-27', '2024-01-28', NULL, NULL, NULL, '2024-01-03 23:37:15', '2024-04-06 22:43:04'),
(8, 'PON A PRUEBA TU MENTE Y CUERPO', 'ALTAR - LAGUNA AMARILLA', '🏕️ ¿Quieres vivir una aventura inolvidable en medio de la naturaleza? ¡Te invitamos a nuestro camping en el Nevado El Altar y su hermosa Laguna Amarilla! ⛺.\r\nDesconecta del estrés de la ciudad y reconéctate con la naturaleza en una de las zonas más impresionantes de Ecuador. ¡Reserva ahora tu lugar en nuestro camping en el Nevado El Altar y su Laguna Amarilla! 🏞️🛍️', 'Transporte desde Riobamba, Desayuno Sábado, Cena Sábado, Desayuno Domingo, Guia, Mula de Carga para Equipo de Camping, Carpa de Media-Alta montaña, Sleeping Bag, Aislante Térmico.', 'monthly/MH3gAE3u5E425829311_875001341301995_2193604954947105254_n.jpg', 'monthly/u8prrJVf1z425829311_875001341301995_2193604954947105254_n.jpg', 0, 'Camping', 'Moderada - Alta', 75.00, 70.00, 0.00, 0.00, 0.00, 0.00, '0961119670', 'Hola, me ayudan con informacion para el camping en el Altar vi esta publicación en la web', '2024-02-10', '2024-02-11', NULL, NULL, NULL, '2024-02-07 18:15:38', '2024-04-06 22:43:04'),
(9, 'CAMPING SOBRE LAS NUBES', 'CERRO PUÑAY', '¡Vive una aventura única en el cerro Puñay con nuestro camping sobre las nubes! 🏕️🌤️🌄 Descubre paisajes mágicos, respira aire puro y admira vistas panorámicas impresionantes. ¡No te pierdas la oportunidad de acampar en la cima! Reserva tu lugar ahora. 🌟🌲☁️🏞️', 'Guia, Ticket de ingreso, Cena Sábado, Desayuno Domingo,  Carpa de Media-Alta montaña, Sleeping Bag, Aislante Térmico, Fogata, Charla Astronómica.', 'monthly/y9w43II7rGcampingchimborazo_1707347932653.jpeg', 'monthly/XtCJgfjO2lcampingchimborazo_1707347932653.jpeg', 0, 'Camping', 'Moderada', 40.00, 35.00, 0.00, 0.00, 0.00, 0.00, '0961119670', 'Hola me gustaría informacion de la ruta de su catalogo hacia el Puñay', '2023-02-10', '2023-02-11', NULL, NULL, NULL, '2024-02-07 18:19:36', '2024-04-06 22:43:04'),
(10, 'CAMPING SOBRE LAS NUBES', 'CERRO PUÑAY', '¡Vive una aventura única en el cerro Puñay con nuestro camping sobre las nubes! 🏕️🌤️🌄 Descubre paisajes mágicos, respira aire puro y admira vistas panorámicas impresionantes. ¡No te pierdas la oportunidad de acampar en la cima! Reserva tu lugar ahora. 🌟🌲☁️🏞️', 'Guia, Ticket de ingreso, Cena Sábado, Desayuno Domingo,  Carpa de Media-Alta montaña, Sleeping Bag, Aislante Térmico, Fogata, Charla Astronómica.', 'monthly/8KLp77vu9ncampingchimborazo_1707347932653.jpeg', 'monthly/cJBDADTXnrcampingchimborazo_1707347932653.jpeg', 0, 'Camping', 'Moderada', 40.00, 35.00, 0.00, 0.00, 0.00, 0.00, '0961119670', 'Hola, Me gustaría información de la ruta al Puñay', '2024-02-10', '2024-02-11', NULL, NULL, NULL, '2024-02-07 18:27:55', '2024-04-06 22:43:04'),
(11, 'VISITANDO EL CRATER DE UN VOLCÁN', 'QUILOTOA', '🏕️ ¡Descubre la magia del cráter del volcán Quilotoa en nuestro camping de dos días y una noche! 🌋⛺️\r\n\r\n🌄 Sumérgete en la belleza natural de este volcán extinto y disfruta de vistas impresionantes. 🌈🌌\r\n\r\n🥾 Explora senderos escénicos, admira la majestuosidad del cráter y conecta con la energía de la naturaleza. 🌿🌞\r\n\r\n✨ Vive una experiencia única en el corazón de los Andes, rodeado de paisajes cautivadores y tranquilidad absoluta. ¡No hay mejor manera de escapar de la rutina! 🏞️🌿\r\n\r\n¡Únete a nosotros en esta aventura inolvidable en el cráter del volcán Quilotoa! ¡Reserva ahora y vive una experiencia que te dejará sin aliento! 🌋', 'Guia, Ticket de ingreso, Cena Sábado, Desayuno Domingo,  Carpa de Media-Alta montaña, Sleeping Bag, Aislante Térmico, Fogara, Charla Astronómica.', 'monthly/8RE7MqqrVIWhatsApp Image 2024-02-07 at 6.36.41 PM.jpeg', 'monthly/9v7RVDCCh7WhatsApp Image 2024-02-07 at 6.36.41 PM.jpeg', 0, 'Full Day', 'Moderada - Facil', 40.00, 35.00, 0.00, 0.00, 0.00, 0.00, '0961119670', 'Hola me gustaría reservar mi cupo para la ruta al Quilotoa', '2024-02-12', '2024-02-12', NULL, NULL, NULL, '2024-02-07 18:37:49', '2024-04-06 22:43:04'),
(12, 'PON A PRUEBA TU MENTE Y CUERPO', 'ALTAR - LAGUNA AMARILLA', '🏕️ ¿Quieres vivir una aventura inolvidable en medio de la naturaleza? ¡Te invitamos a nuestro camping en el Nevado El Altar y su hermosa Laguna Amarilla! ⛺.\r\nDesconecta del estrés de la ciudad y reconéctate con la naturaleza en una de las zonas más impresionantes de Ecuador. ¡Reserva ahora tu lugar en nuestro camping en el Nevado El Altar y su Laguna Amarilla! 🏞️🛍️', 'Transporte desde Riobamba, Desayuno Sábado, Cena Sábado, Desayuno Domingo, Guia, Mula de Carga para Equipo de Camping, Carpa de Media-Alta montaña, Sleeping Bag, Aislante Térmico.', 'monthly/wnxJUtV2WJ425829311_875001341301995_2193604954947105254_n.jpg', 'monthly/KD3tzC1eOc425829311_875001341301995_2193604954947105254_n.jpg', 0, 'Camping', 'Moderada - Alta', 75.00, 70.00, 0.00, 0.00, 0.00, 0.00, '0961119670', 'Hola, me ayudan con informacion para el camping en el Altar vi esta publicación en la web', '2024-02-17', '2024-02-18', NULL, NULL, NULL, '2024-02-07 18:49:35', '2024-04-06 22:43:04'),
(13, 'CAMPING SOBRE LAS NUBES', 'CERRO PUÑAY', '¡Vive una aventura única en el cerro Puñay con nuestro camping sobre las nubes! 🏕️🌤️🌄 Descubre paisajes mágicos, respira aire puro y admira vistas panorámicas impresionantes. ¡No te pierdas la oportunidad de acampar en la cima! Reserva tu lugar ahora. 🌟🌲☁️🏞️', 'Guia, Ticket de ingreso, Cena Sábado, Desayuno Domingo,  Carpa de Media-Alta montaña, Sleeping Bag, Aislante Térmico, Fogata, Charla Astronómica.', 'monthly/KWPcsS0eUjcampingchimborazo_1708033685264.jpeg', 'monthly/9AhFzR2uzbcampingchimborazo_1708033685264.jpeg', 0, 'Camping', 'Moderada', 40.00, 35.00, 0.00, 0.00, 0.00, 0.00, '0961119670', 'Hola, Me gustaría información de la ruta al Puñay', '2024-02-24', '2024-02-25', NULL, NULL, NULL, '2024-02-07 18:58:37', '2024-04-06 22:43:04'),
(16, 'PON A PRUEBA TU MENTE Y CUERPO', 'ALTAR - LAGUNA AZUL', '🏕️ ¿Quieres vivir una aventura inolvidable en medio de la naturaleza? ¡Te invitamos a nuestro camping en el Nevado El Altar y su hermosa Laguna Azul! ⛺.\r\nDesconecta del estrés de la ciudad y reconéctate con la naturaleza en una de las zonas más impresionantes de Ecuador. ¡Reserva ahora tu lugar en nuestro camping en el Nevado El Altar y su Laguna Azul! 🏞️🛍️', 'Guía, Transporte, Carpa, Aislante térmico, sleeping , Merienda sábado, Desayuno Domingo, Ticket de entrada, Charla sobre constelaciones', 'monthly/5v5sEfFi19Imagen para redes Sociales Viaje foto sacramento (1).png', 'monthly/709rKf5kjBImagen para redes Sociales Viaje foto sacramento.png', 0, 'Camping', 'Moderada - Alta', 70.00, 65.00, 0.00, 0.00, 0.00, 0.00, '0961119670', 'Hola, me ayudan con informacion para el camping en el Altar vi esta publicación en la web', '2024-02-17', '2024-02-18', NULL, NULL, NULL, '2024-02-15 16:54:50', '2024-04-06 22:43:04'),
(17, 'AGUAS TERMALES DEL CHIMBORAZO +', 'Laguna Congelada Carihuairazo', '¡Ven y disfruta de una experiencia única en los Andes ecuatorianos con nuestro tour de 2 días! 🌋🏞️🌡️ Sumérgete en las aguas termales del majestuoso Volcán Chimborazo y visita la impresionante Laguna Congelada del Carihuairazo. 🏊❄️ Después de un día lleno de aventuras, descansa en nuestro acogedor refugio de montaña rodeado de paisajes increíbles. 🏕️🌟 ¡No pierdas la oportunidad de vivir una experiencia única en la naturaleza! Reserva tu lugar ahora. 🙌🌄🌌', 'Transporte desde Riobamba, Desayuno Sábado, Box Lounch Sábado Desayuno, Cena Sábado, Desayuno Domingo, Carpa de Media-Alta montaña, Sleeping Bag, Aislante Térmico, Guianza, Costo de Ingreso al Carihuirazo, Costo de Ingreso a Aguas Termales.', 'monthly/kbqt5fZficRecurso-19-4.png', 'monthly/xB059mn46uRecurso-19-4.png', 0, 'Camping', 'Moderada', 35.00, 40.00, 0.00, 0.00, 0.00, 0.00, '0961119670', 'Hola Me gustaría reservar un cupo para el Carihuairazo', '2024-03-09', '2024-03-10', NULL, NULL, NULL, '2024-02-16 18:01:40', '2024-04-06 22:43:04'),
(18, 'CAMPING SOBRE LAS NUBES', 'CERRO PUÑAY', '¡Vive una aventura única en el cerro Puñay con nuestro camping sobre las nubes! 🏕️🌤️🌄 Descubre paisajes mágicos, respira aire puro y admira vistas panorámicas impresionantes. ¡No te pierdas la oportunidad de acampar en la cima! Reserva tu lugar ahora. 🌟🌲☁️🏞️', 'Guia, Ticket de ingreso, Cena Sábado, Desayuno Domingo,  Carpa de Media-Alta montaña, Sleeping Bag, Aislante Térmico, Fogata, Charla Astronómica.', 'monthly/cMpG5HoAj3campingchimborazo_1707347932653.jpeg', 'monthly/3or3UsNHHYcampingchimborazo_1707347932653.jpeg', 0, 'Camping', 'Moderada', 40.00, 35.00, 0.00, 0.00, 0.00, 0.00, '0961119670', 'Hola, Me gustaría información de la ruta al Puñay', '2024-03-09', '2024-03-10', NULL, NULL, NULL, '2024-02-16 18:05:35', '2024-04-06 22:43:04'),
(19, 'PON A PRUEBA TU MENTE Y CUERPO', 'ALTAR - LAGUNA AMARILLA', '🏕️ ¿Quieres vivir una aventura inolvidable en medio de la naturaleza? ¡Te invitamos a nuestro camping en el Nevado El Altar y su hermosa Laguna Amarilla! ⛺.\r\nDesconecta del estrés de la ciudad y reconéctate con la naturaleza en una de las zonas más impresionantes de Ecuador. ¡Reserva ahora tu lugar en nuestro camping en el Nevado El Altar y su Laguna Amarilla! 🏞️🛍️', 'Transporte desde Riobamba, Desayuno Sábado, Cena Sábado, Desayuno Domingo, Guia, Mula de Carga para Equipo de Camping, Carpa de Media-Alta montaña, Sleeping Bag, Aislante Térmico.', 'monthly/G799py4if9425829311_875001341301995_2193604954947105254_n.jpg', 'monthly/lOrnAZY2UQ425829311_875001341301995_2193604954947105254_n.jpg', 0, 'Camping', 'Moderada - Alta', 75.00, 70.00, 0.00, 0.00, 0.00, 0.00, '0961119670', 'Hola, me ayudan con informacion para el camping en el Altar vi esta publicación en la web', '2024-03-16', '2024-03-17', NULL, NULL, NULL, '2024-02-16 18:08:30', '2024-04-06 22:43:04'),
(20, 'Camping Sobre Las Nubes', 'CERRO PUÑAY', '¡Vive una aventura única en el cerro Puñay con nuestro camping sobre las nubes! 🏕️🌤️🌄 Descubre paisajes mágicos, respira aire puro y admira vistas panorámicas impresionantes. ¡No te pierdas la oportunidad de acampar en la cima! Reserva tu lugar ahora. 🌟🌲☁️🏞️', 'Guia, Ticket de ingreso, Cena Sábado, Desayuno Domingo,  Carpa de Media-Alta montaña, Sleeping Bag, Aislante Térmico, Fogata, Charla Astronómica.', 'monthly/Gv7572skzucampingchimborazo_1707347932653.jpeg', 'monthly/H74HpzQWiLcampingchimborazo_1707347932653.jpeg', 0, 'Camping', 'Moderada', 40.00, 35.00, 0.00, 0.00, 0.00, 0.00, '0961119670', 'Hola, Me gustaría información de la ruta al Puñay', '2024-03-23', '2024-03-24', NULL, NULL, NULL, '2024-02-16 18:19:43', '2024-04-06 22:43:04'),
(21, 'VISITANDO EL CRATER DE UN VOLCÁN', 'QUILOTOA', '🏕️ ¡Descubre la magia del cráter del volcán Quilotoa en nuestro campng de dos días y una noche! 🌋⛺️\r\n\r\n🌄 Sumérgete en la belleza natural de este volcán extinto y disfruta de vistas impresionantes. 🌈🌌\r\n\r\n🥾 Explora senderos escénicos, admira la majestuosidad del cráter y conecta con la energía de la naturaleza. 🌿🌞\r\ni\r\n✨ Vive una experiencia única en el corazón de los Andes, rodeado de paisajes cautivadores y tranquilidad absoluta. ¡No hay mejor manera de escapar de la rutina! 🏞️🌿\r\n\r\n¡Únete a nosotros en esta aventura inolvidable en el cráter del volcán Quilotoa! ¡Reserva ahora y vive una experiencia que te dejará sin aliento! 🌋', 'Guia, Ticket de ingreso, Cena Sábado, Desayuno Domingo,  Carpa de Media-Alta montaña, Sleeping Bag, Aislante Térmico, Fogara, Charla Astronómica.', 'monthly/JW8Rsz5xyG320quilotoa-lake-ecuador.jpg', 'monthly/DtDf8labvC320quilotoa-lake-ecuador.jpg', 1, 'Camping', 'Moderada - Facil', 40.00, 35.00, 0.00, 0.00, 0.00, 0.00, '0961119670', 'Hola me gustaría reservar mi cupo para la ruta al Quilotoa', '2024-05-25', '2024-05-26', NULL, NULL, NULL, '2024-04-06 21:59:15', NULL),
(22, 'PON A PRUEBA TU MENTE Y CUERPO', 'ALTAR - LAGUNA AZUL', '🏕️ ¿Quieres vivir una aventura inolvidable en medio de la naturaleza? ¡Te invitamos a nuestro camping en el Nevado El Altar y su hermosa Laguna Azul! ⛺.\r\nDesconecta del estrés de la ciudad y reconéctate con la naturaleza en una de las zonas más impresionantes de Ecuador. ¡Reserva ahora tu lugar en nuestro camping en el Nevado El Altar y su Laguna Azul! 🏞️🛍️', 'Guía, Transporte, Carpa, Aislante térmico, sleeping , Merienda sábado, Desayuno Domingo, Ticket de entrada, Charla sobre constelaciones', 'monthly/MTnKgk7xffimages.jpg', 'monthly/kpxMp8iv9Oimages.jpg', 1, 'Camping', 'Moderada - Alta', 80.00, 75.00, 0.00, 0.00, 0.00, 0.00, '0961119670', 'Hola, me ayudan con informacion para el camping en el Altar vi esta publicación en la web', '2024-04-13', '2024-04-14', NULL, NULL, NULL, '2024-04-06 22:03:44', NULL),
(23, 'CAMPING SOBRE LAS NUBES', 'CERRO PUÑAY', '¡Vive una aventura única en el cerro Puñay con nuestro camping sobre las nubes! 🏕️🌤️🌄 Descubre paisajes mágicos, respira aire puro y admira vistas panorámicas impresionantes. ¡No te pierdas la oportunidad de acampar en la cima! Reserva tu lugar ahora. 🌟🌲☁️🏞️', 'Guia, Ticket de ingreso, Cena Sábado, Desayuno Domingo,  Carpa de Media-Alta montaña, Sleeping Bag, Aislante Térmico, Fogata, Charla Astronómica.', 'monthly/CCWdMv3O4Lsitemgr_photo_34246.jpg', 'monthly/ArWH5vkHPhsitemgr_photo_34246.jpg', 1, 'Camping', 'Moderada', 40.00, 35.00, 0.00, 0.00, 0.00, 0.00, '0961119670', 'Hola me gustaría informacion de la ruta de su catalogo hacia el Puñay', '2024-04-13', '2024-04-14', NULL, NULL, NULL, '2024-04-06 22:07:06', NULL),
(24, 'PON A PRUEBA TU MENTE Y CUERPO', 'ALTAR - LAGUNA AMARILLA', '🏕️ ¿Quieres vivir una aventura inolvidable en medio de la naturaleza? ¡Te invitamos a nuestro camping en el Nevado El Altar y su hermosa Laguna Amarilla! ⛺.\r\nDesconecta del estrés de la ciudad y reconéctate con la naturaleza en una de las zonas más impresionantes de Ecuador. ¡Reserva ahora tu lugar en nuestro camping en el Nevado El Altar y su Laguna Amarilla! 🏞️🛍️', 'Transporte desde Riobamba, Desayuno Sábado, Cena Sábado, Desayuno Domingo, Guia, Mula de Carga para Equipo de Camping, Carpa de Media-Alta montaña, Sleeping Bag, Aislante Térmico.', 'monthly/RDtd9eo4O9images (1).jpg', 'monthly/QRuw1zaU6Oimages (1).jpg', 1, 'Camping', 'Moderada - Alta', 80.00, 75.00, 0.00, 0.00, 0.00, 0.00, '0961119670', 'Hola, me ayudan con informacion para el camping en el Altar vi esta publicación en la web', '2024-04-27', '2024-04-28', NULL, NULL, NULL, '2024-04-06 22:25:09', NULL),
(25, 'CAMPING SOBRE LAS NUBES', 'CERRO PUÑAY', '¡Vive una aventura única en el cerro Puñay con nuestro camping sobre las nubes! 🏕️🌤️🌄 Descubre paisajes mágicos, respira aire puro y admira vistas panorámicas impresionantes. ¡No te pierdas la oportunidad de acampar en la cima! Reserva tu lugar ahora. 🌟🌲☁️🏞️', 'Guia, Ticket de ingreso, Cena Sábado, Desayuno Domingo,  Carpa de Media-Alta montaña, Sleeping Bag, Aislante Térmico, Fogata, Charla Astronómica.', 'monthly/aRDwY8VILZsitemgr_photo_34246.jpg', 'monthly/CDzWqMJMTVsitemgr_photo_34246.jpg', 1, 'Camping', 'Moderada', 40.00, 35.00, 0.00, 0.00, 0.00, 0.00, '0961119670', 'Hola me gustaría informacion de la ruta de su catalogo hacia el Puñay', '2024-04-27', '2024-04-28', NULL, NULL, NULL, '2024-04-06 22:30:03', NULL),
(26, 'CAMPING SOBRE LAS NUBES', 'CERRO PUÑAY', '¡Vive una aventura única en el cerro Puñay con nuestro camping sobre las nubes! 🏕️🌤️🌄 Descubre paisajes mágicos, respira aire puro y admira vistas panorámicas impresionantes. ¡No te pierdas la oportunidad de acampar en la cima! Reserva tu lugar ahora. 🌟🌲☁️🏞️', 'Guia, Ticket de ingreso, Cena Sábado, Desayuno Domingo,  Carpa de Media-Alta montaña, Sleeping Bag, Aislante Térmico, Fogata, Charla Astronómica.', 'monthly/tfVOjkD5Oysitemgr_photo_34246.jpg', 'monthly/QwQ0Tq6ghxsitemgr_photo_34246.jpg', 1, 'Camping', 'Moderada', 40.00, 35.00, 0.00, 0.00, 0.00, 0.00, '0961119670', 'Hola me gustaría informacion de la ruta de su catalogo hacia el Puñay', '2024-05-03', '2024-05-04', NULL, NULL, NULL, '2024-04-06 22:31:58', NULL),
(27, 'CAMPING SOBRE LAS NUBES', 'CERRO PUÑAY', '¡Vive una aventura única en el cerro Puñay con nuestro camping sobre las nubes! 🏕️🌤️🌄 Descubre paisajes mágicos, respira aire puro y admira vistas panorámicas impresionantes. ¡No te pierdas la oportunidad de acampar en la cima! Reserva tu lugar ahora. 🌟🌲☁️🏞️', 'Guia, Ticket de ingreso, Cena Sábado, Desayuno Domingo,  Carpa de Media-Alta montaña, Sleeping Bag, Aislante Térmico, Fogata, Charla Astronómica.', 'monthly/pi7wNS86jPsitemgr_photo_34246.jpg', 'monthly/W9wm9l07wksitemgr_photo_34246.jpg', 1, 'Camping', 'Moderada', 40.00, 35.00, 0.00, 0.00, 0.00, 0.00, '0961119670', 'Hola me gustaría informacion de la ruta de su catalogo hacia el Puñay', '2024-05-18', '2024-05-19', NULL, NULL, NULL, '2024-04-06 22:33:45', NULL),
(28, 'CAMPING SOBRE LAS NUBES', 'CERRO PUÑAY', '¡Vive una aventura única en el cerro Puñay con nuestro camping sobre las nubes! 🏕️🌤️🌄 Descubre paisajes mágicos, respira aire puro y admira vistas panorámicas impresionantes. ¡No te pierdas la oportunidad de acampar en la cima! Reserva tu lugar ahora. 🌟🌲☁️🏞️', 'Guia, Ticket de ingreso, Cena Sábado, Desayuno Domingo,  Carpa de Media-Alta montaña, Sleeping Bag, Aislante Térmico, Fogata, Charla Astronómica.', 'monthly/ysSAPxdehUsitemgr_photo_34246.jpg', 'monthly/Ng9WyQLGZAsitemgr_photo_34246.jpg', 1, 'Camping', 'Moderada', 40.00, 35.00, 0.00, 0.00, 0.00, 0.00, '0961119670', 'Hola me gustaría informacion de la ruta de su catalogo hacia el Puñay', '2024-05-25', '2024-05-26', NULL, NULL, NULL, '2024-04-06 22:35:02', NULL),
(29, 'PON A PRUEBA TU MENTE Y CUERPO', 'ALTAR - LAGUNA AMARILLA', '🏕️ ¿Quieres vivir una aventura inolvidable en medio de la naturaleza? ¡Te invitamos a nuestro camping en el Nevado El Altar y su hermosa Laguna Amarilla! ⛺.\r\nDesconecta del estrés de la ciudad y reconéctate con la naturaleza en una de las zonas más impresionantes de Ecuador. ¡Reserva ahora tu lugar en nuestro camping en el Nevado El Altar y su Laguna Amarilla! 🏞️🛍️', 'Transporte desde Riobamba, Desayuno Sábado, Cena Sábado, Desayuno Domingo, Guia, Mula de Carga para Equipo de Camping, Carpa de Media-Alta montaña, Sleeping Bag, Aislante Térmico.', 'monthly/7QJhClyDYuimages (1).jpg', 'monthly/6SfXdPcW4pimages (1).jpg', 1, 'Camping', 'Moderada - Alta', 80.00, 75.00, 0.00, 0.00, 0.00, 0.00, '0961119670', 'Hola, me ayudan con informacion para el camping en el Altar vi esta publicación en la web', '2024-05-03', '2024-05-04', NULL, NULL, NULL, '2024-04-06 22:38:31', NULL),
(30, 'PON A PRUEBA TU MENTE Y CUERPO', 'ALTAR - LAGUNA AMARILLA', '🏕️ ¿Quieres vivir una aventura inolvidable en medio de la naturaleza? ¡Te invitamos a nuestro camping en el Nevado El Altar y su hermosa Laguna Amarilla! ⛺.\r\nDesconecta del estrés de la ciudad y reconéctate con la naturaleza en una de las zonas más impresionantes de Ecuador. ¡Reserva ahora tu lugar en nuestro camping en el Nevado El Altar y su Laguna Amarilla! 🏞️🛍️', 'Transporte desde Riobamba, Desayuno Sábado, Cena Sábado, Desayuno Domingo, Guia, Mula de Carga para Equipo de Camping, Carpa de Media-Alta montaña, Sleeping Bag, Aislante Térmico.', 'monthly/5HgV2YmSC6images (1).jpg', 'monthly/xcJMX820mzimages (1).jpg', 1, 'Camping', 'Moderada - Alta', 80.00, 75.00, 0.00, 0.00, 0.00, 0.00, '0961119670', 'Hola, me ayudan con informacion para el camping en el Altar vi esta publicación en la web', '2024-05-11', '2024-05-12', NULL, NULL, NULL, '2024-04-06 22:39:06', NULL),
(31, 'PON A PRUEBA TU MENTE Y CUERPO', 'ALTAR - LAGUNA AZUL', '🏕️ ¿Quieres vivir una aventura inolvidable en medio de la naturaleza? ¡Te invitamos a nuestro camping en el Nevado El Altar y su hermosa Laguna Azul! ⛺.\r\nDesconecta del estrés de la ciudad y reconéctate con la naturaleza en una de las zonas más impresionantes de Ecuador. ¡Reserva ahora tu lugar en nuestro camping en el Nevado El Altar y su Laguna Azul! 🏞️🛍️', 'Guía, Transporte, Carpa, Aislante térmico, sleeping , Merienda sábado, Desayuno Domingo, Ticket de entrada, Charla sobre constelaciones', 'monthly/2sEI2032Nkimages (2).jpg', 'monthly/cFuTU8FOI9images (2).jpg', 1, 'Camping', 'Moderada - Alta', 80.00, 75.00, 0.00, 0.00, 0.00, 0.00, '0961119670', 'Hola, me ayudan con informacion para el camping en el Altar vi esta publicación en la web', '2024-05-11', '2024-05-12', NULL, NULL, NULL, '2024-04-06 22:41:59', NULL),
(32, 'AGUAS TERMALES DEL CHIMBORAZO +', 'Laguna Congelada Carihuairazo', '¡Ven y disfruta de una experiencia única en los Andes ecuatorianos con nuestro tour de 2 días! 🌋🏞️🌡️ Sumérgete en las aguas termales del majestuoso Volcán Chimborazo y visita la impresionante Laguna Congelada del Carihuairazo. 🏊❄️ Después de un día lleno de aventuras, descansa en nuestro acogedor refugio de montaña rodeado de paisajes increíbles. 🏕️🌟 ¡No pierdas la oportunidad de vivir una experiencia única en la naturaleza! Reserva tu lugar ahora. 🙌🌄🌌', 'Transporte desde Riobamba, Desayuno Sábado, Box Lounch Sábado Desayuno, Cena Sábado, Desayuno Domingo, Carpa de Media-Alta montaña, Sleeping Bag, Aislante Térmico, Guianza, Costo de Ingreso al Carihuirazo, Costo de Ingreso a Aguas Termales.', 'monthly/2WEmWX2kIfimages (3).jpg', 'monthly/iP6JdC4sKximages (3).jpg', 1, 'Camping', 'Moderada', 35.00, 30.00, 0.00, 0.00, 0.00, 0.00, '0961119670', 'Hola me gustaría tener información para la ruta al Carihuairazo. Vi esto en la web', '2024-05-25', '2024-06-25', NULL, NULL, NULL, '2024-04-06 22:47:32', NULL),
(33, 'AGUAS TERMALES DEL CHIMBORAZO +', 'Laguna Congelada Carihuairazo', '¡Ven y disfruta de una experiencia única en los Andes ecuatorianos con nuestro tour de 2 días! 🌋🏞️🌡️ Sumérgete en las aguas termales del majestuoso Volcán Chimborazo y visita la impresionante Laguna Congelada del Carihuairazo. 🏊❄️ Después de un día lleno de aventuras, descansa en nuestro acogedor refugio de montaña rodeado de paisajes increíbles. 🏕️🌟 ¡No pierdas la oportunidad de vivir una experiencia única en la naturaleza! Reserva tu lugar ahora. 🙌🌄🌌', 'Guianza', 'monthly/YB1OAILipDimages (3).jpg', 'monthly/TlpXNv5fZrimages (3).jpg', 1, 'Full Day', 'Moderada', 0.00, 0.00, 0.00, 0.00, 0.00, 0.00, '0961119670', 'Hola me gustaría tener información para la ruta al Carihuairazo. Vi esto en la web', '2024-04-20', '2024-04-20', NULL, NULL, NULL, '2024-04-06 22:48:55', NULL);

-- --------------------------------------------------------

--
-- Estructura de tabla para la tabla `monthly_tours_users`
--

CREATE TABLE `monthly_tours_users` (
  `monthly_tour_user_id` bigint(20) UNSIGNED NOT NULL,
  `monthly_tour_id` bigint(20) UNSIGNED NOT NULL,
  `user_id` bigint(20) UNSIGNED NOT NULL,
  `seats` int(11) NOT NULL,
  `coment` text NOT NULL,
  `img_voucher` text NOT NULL,
  `ammount_deposited` double(8,2) NOT NULL,
  `missing_ammount` double(8,2) NOT NULL,
  `messagge` text NOT NULL,
  `created_at` timestamp NULL DEFAULT NULL,
  `updated_at` timestamp NULL DEFAULT NULL
) ENGINE=InnoDB DEFAULT CHARSET=utf8mb4 COLLATE=utf8mb4_unicode_ci;

-- --------------------------------------------------------

--
-- Estructura de tabla para la tabla `oauth_auth_codes`
--

CREATE TABLE `oauth_auth_codes` (
  `id` varchar(100) NOT NULL,
  `user_id` bigint(20) UNSIGNED NOT NULL,
  `client_id` bigint(20) UNSIGNED NOT NULL,
  `scopes` text DEFAULT NULL,
  `revoked` tinyint(1) NOT NULL,
  `expires_at` datetime DEFAULT NULL
) ENGINE=InnoDB DEFAULT CHARSET=utf8mb4 COLLATE=utf8mb4_unicode_ci;

-- --------------------------------------------------------

--
-- Estructura de tabla para la tabla `oauth_personal_access_clients`
--

CREATE TABLE `oauth_personal_access_clients` (
  `id` bigint(20) UNSIGNED NOT NULL,
  `client_id` bigint(20) UNSIGNED NOT NULL,
  `created_at` timestamp NULL DEFAULT NULL,
  `updated_at` timestamp NULL DEFAULT NULL
) ENGINE=InnoDB DEFAULT CHARSET=utf8mb4 COLLATE=utf8mb4_unicode_ci;

--
-- Volcado de datos para la tabla `oauth_personal_access_clients`
--

INSERT INTO `oauth_personal_access_clients` (`id`, `client_id`, `created_at`, `updated_at`) VALUES
(1, 1, '2023-12-29 18:32:55', '2023-12-29 18:32:55');

-- --------------------------------------------------------

--
-- Estructura de tabla para la tabla `passenger_lists`
--

CREATE TABLE `passenger_lists` (
  `passenger_lists_id` bigint(20) UNSIGNED NOT NULL,
  `list_id` int(11) NOT NULL,
  `passenger_id` int(11) NOT NULL,
  `seat` int(11) DEFAULT NULL,
  `unit_cost` double(8,2) DEFAULT NULL,
  `total_cost` double(8,2) DEFAULT NULL,
  `collected` double(8,2) DEFAULT NULL,
  `bus_extra` double(8,2) DEFAULT NULL,
  `to_collect` double(8,2) DEFAULT NULL,
  `bank` text DEFAULT NULL,
  `responsable` text DEFAULT NULL,
  `meeting_point` text DEFAULT NULL,
  `observation` text DEFAULT NULL,
  `passenger_type` varchar(255) DEFAULT NULL,
  `id_passenger_group_leader` int(11) DEFAULT NULL,
  `img_cmp_1` varchar(255) DEFAULT NULL,
  `img_cmp_2` varchar(255) DEFAULT NULL,
  `state` int(11) DEFAULT NULL,
  `created_at` timestamp NULL DEFAULT NULL,
  `updated_at` timestamp NULL DEFAULT NULL
) ENGINE=InnoDB DEFAULT CHARSET=utf8mb4 COLLATE=utf8mb4_unicode_ci;

-- --------------------------------------------------------

--
-- Estructura de tabla para la tabla `passenger_list_monthly_tours`
--

CREATE TABLE `passenger_list_monthly_tours` (
  `passenger_list_monthly_tours` bigint(20) UNSIGNED NOT NULL,
  `list_id` int(11) NOT NULL,
  `monthly_tour_id` int(11) NOT NULL,
  `status` int(11) NOT NULL,
  `created_at` timestamp NULL DEFAULT NULL,
  `updated_at` timestamp NULL DEFAULT NULL
) ENGINE=InnoDB DEFAULT CHARSET=utf8mb4 COLLATE=utf8mb4_unicode_ci;

-- --------------------------------------------------------

--
-- Estructura de tabla para la tabla `products`
--

CREATE TABLE `products` (
  `product_id` bigint(20) UNSIGNED NOT NULL,
  `category_id` int(11) NOT NULL,
  `supplier_id` int(11) NOT NULL,
  `description` text DEFAULT NULL,
  `buying_price` double(8,2) DEFAULT NULL,
  `min_selling_price` double(8,2) DEFAULT NULL,
  `selling_price` double(8,2) DEFAULT NULL,
  `rent_price` double(8,2) DEFAULT NULL,
  `entry_date` date DEFAULT NULL,
  `img` text DEFAULT NULL,
  `created_at` timestamp NULL DEFAULT NULL,
  `updated_at` timestamp NULL DEFAULT NULL
) ENGINE=InnoDB DEFAULT CHARSET=utf8mb4 COLLATE=utf8mb4_unicode_ci;

--
-- Volcado de datos para la tabla `products`
--

INSERT INTO `products` (`product_id`, `category_id`, `supplier_id`, `description`, `buying_price`, `min_selling_price`, `selling_price`, `rent_price`, `entry_date`, `img`, `created_at`, `updated_at`) VALUES
(1, 2, 1, 'Sleeping Oursky Negros', 25.00, 28.00, 30.00, 7.00, '2024-01-02', 'products/71FmfDy32ZSleeping-OP18.jpg', '2024-01-02 15:50:47', '2024-01-11 12:08:33'),
(2, 1, 3, 'Carpa Oursky 2 Personas Verde Oscuro', 67.00, 65.00, 70.00, 10.00, '2024-01-02', 'products/otzCgyf92jIMG-20230618-WA0102.jpg', '2024-01-02 15:56:05', '2024-01-11 12:07:44'),
(3, 2, 4, 'Sleeping Century  Verde', 19.00, 19.00, 25.00, 7.00, '2024-01-02', 'products/ocrDi2PjrcD_NQ_NP_719101-MEC71149996407_082023-O.webp', '2024-01-02 16:05:00', '2024-01-11 12:08:06'),
(4, 10, 6, 'Cargador Portatil Negro', 30.00, 32.00, 33.00, 5.00, '2024-01-02', 'products/I7ToCQuGzgD_NQ_NP_719101-MEC71149996407_082023-O.webp', '2024-01-02 16:06:52', '2024-01-11 12:07:13'),
(5, 10, 6, 'Cargador Portatil Rojo', 20.00, 23.00, 22.00, 5.00, '2024-01-02', 'undefined', '2024-01-02 16:07:27', '2024-01-11 12:07:33'),
(6, 4, 2, 'Encendedor Big Pequeño', 0.58, 0.60, 0.58, 0.25, '2024-01-11', NULL, '2024-01-11 12:44:14', '2024-01-11 12:53:09'),
(7, 4, 2, 'Limpia Platos Similar a Esponja', 0.12, 0.15, 0.12, 0.25, '2024-01-11', NULL, '2024-01-11 12:45:18', '2024-01-11 13:11:04'),
(8, 4, 2, 'Papel Aluminio', 0.90, 1.00, 0.90, 1.00, '2024-01-11', NULL, '2024-01-11 12:46:31', '2024-01-11 13:11:32'),
(9, 11, 2, 'Galleta Saltica', 0.35, 0.00, 0.35, 0.00, '2024-01-11', NULL, '2024-01-11 12:47:54', '2024-01-11 13:11:50'),
(10, 12, 2, 'Supan Integral', 2.11, 0.00, 2.11, 0.00, '2024-01-11', NULL, '2024-01-11 13:08:03', NULL),
(11, 4, 2, 'Cuchara 50 Unidades', 0.50, 0.00, 0.50, 0.00, '2024-01-11', NULL, '2024-01-11 13:09:02', NULL),
(12, 11, 2, 'Atún Isabel Lomito pequeño', 0.84, 0.00, 0.84, 0.00, '2024-01-11', NULL, '2024-01-11 13:10:04', NULL),
(13, 11, 2, 'Gatorade uva 1.25', 0.92, 0.00, 0.92, 0.00, '2024-01-11', NULL, '2024-01-11 13:10:33', '2024-01-11 13:31:34'),
(14, 8, 7, 'Casco Petzl Amarillo', 51.00, 50.00, 65.00, 5.00, '2024-02-16', 'products/Jrf5nJeNtEMesa-de-trabajo-1-100-1.jpg', '2024-02-16 19:48:47', '2024-02-18 07:15:55'),
(15, 8, 7, 'Cuerda 30m Cousin 2021 8.9 mm', 61.00, 65.00, 65.00, 10.00, '2024-02-16', 'products/JjtrKdc5wsImagen para redes Sociales Viaje foto sacramento (8).png', '2024-02-16 19:53:46', '2024-02-18 07:44:34'),
(16, 5, 4, 'Linterna Frontal Energizer 200 Lumenes', 22.00, 20.00, 22.00, 5.00, '2024-02-16', 'products/fp8ztgweUDWhatsApp Image 2024-02-16 at 8.06.00 PM.jpeg', '2024-02-16 20:06:29', NULL),
(17, 10, 6, 'Parlante cilíndrico negro', 9.00, 7.00, 10.00, 5.00, '2024-02-18', 'products/jNuO8tNVFAImagen para redes Sociales Viaje foto sacramento (6).png', '2024-02-18 07:53:10', NULL);

-- --------------------------------------------------------

--
-- Estructura de tabla para la tabla `product_warehouses`
--

CREATE TABLE `product_warehouses` (
  `product_warehouses_id` bigint(20) UNSIGNED NOT NULL,
  `inventories_id` int(11) DEFAULT NULL,
  `product_id` int(11) DEFAULT NULL,
  `product_status_id` int(11) DEFAULT NULL,
  `warehouse_id` int(11) NOT NULL,
  `quantity` int(11) DEFAULT NULL,
  `observation` text DEFAULT NULL,
  `created_at` timestamp NULL DEFAULT NULL,
  `updated_at` timestamp NULL DEFAULT NULL
) ENGINE=InnoDB DEFAULT CHARSET=utf8mb4 COLLATE=utf8mb4_unicode_ci;

--
-- Volcado de datos para la tabla `product_warehouses`
--

INSERT INTO `product_warehouses` (`product_warehouses_id`, `inventories_id`, `product_id`, `product_status_id`, `warehouse_id`, `quantity`, `observation`, `created_at`, `updated_at`) VALUES
(1, 1, NULL, NULL, 3, 8, NULL, NULL, NULL),
(2, 1, NULL, NULL, 4, 8, NULL, NULL, NULL),
(4, 3, NULL, NULL, 5, 5, NULL, NULL, NULL),
(5, 4, NULL, NULL, 5, 5, NULL, NULL, NULL),
(6, 5, NULL, NULL, 5, 2, NULL, NULL, NULL),
(7, 6, NULL, NULL, 5, 3, NULL, NULL, NULL),
(8, 2, NULL, NULL, 3, 1, NULL, NULL, NULL),
(9, 7, NULL, NULL, 5, 1, NULL, NULL, NULL),
(10, 8, NULL, NULL, 5, 1, NULL, NULL, NULL),
(11, 9, NULL, NULL, 5, 1, NULL, NULL, NULL),
(12, 10, NULL, NULL, 5, 1, NULL, NULL, NULL),
(13, 13, NULL, NULL, 2, 1, NULL, NULL, NULL),
(14, 14, NULL, NULL, 2, 1, NULL, NULL, NULL),
(15, 11, NULL, NULL, 4, 1, NULL, NULL, NULL);

-- --------------------------------------------------------

--
-- Estructura de tabla para la tabla `produts_list_warehouses`
--

CREATE TABLE `produts_list_warehouses` (
  `id` bigint(20) UNSIGNED NOT NULL,
  `created_at` timestamp NULL DEFAULT NULL,
  `updated_at` timestamp NULL DEFAULT NULL
) ENGINE=InnoDB DEFAULT CHARSET=utf8mb4 COLLATE=utf8mb4_unicode_ci;

-- --------------------------------------------------------

--
-- Estructura de tabla para la tabla `request_complete_products`
--

CREATE TABLE `request_complete_products` (
  `request_complete_products_id` bigint(20) UNSIGNED NOT NULL,
  `user_id` int(11) NOT NULL,
  `detail` varchar(255) NOT NULL,
  `fecha` date NOT NULL,
  `status_request` text DEFAULT NULL,
  `status_acquisition` text DEFAULT NULL,
  `created_at` timestamp NULL DEFAULT NULL,
  `updated_at` timestamp NULL DEFAULT NULL
) ENGINE=InnoDB DEFAULT CHARSET=utf8mb4 COLLATE=utf8mb4_unicode_ci;

--
-- Volcado de datos para la tabla `request_complete_products`
--

INSERT INTO `request_complete_products` (`request_complete_products_id`, `user_id`, `detail`, `fecha`, `status_request`, `status_acquisition`, `created_at`, `updated_at`) VALUES
(1, 2, 'Prueba', '2024-01-11', 'proceso', 'pendiente', NULL, NULL),
(3, 1, 'Solicitud de prueba', '2024-02-18', 'finalizado', 'pendiente', NULL, NULL);

-- --------------------------------------------------------

--
-- Estructura de tabla para la tabla `request_products_to_warehouses`
--

CREATE TABLE `request_products_to_warehouses` (
  `request_products_to_warehouses_id` bigint(20) UNSIGNED NOT NULL,
  `user_id` int(11) NOT NULL,
  `quantity_products` int(11) NOT NULL,
  `request_complete_products_id` int(11) NOT NULL,
  `product_warehouses_id` int(11) NOT NULL,
  `status` text DEFAULT NULL,
  `unit_price` double(8,2) DEFAULT NULL,
  `total_price` double(8,2) DEFAULT NULL,
  `created_at` timestamp NULL DEFAULT NULL,
  `updated_at` timestamp NULL DEFAULT NULL
) ENGINE=InnoDB DEFAULT CHARSET=utf8mb4 COLLATE=utf8mb4_unicode_ci;

--
-- Volcado de datos para la tabla `request_products_to_warehouses`
--

INSERT INTO `request_products_to_warehouses` (`request_products_to_warehouses_id`, `user_id`, `quantity_products`, `request_complete_products_id`, `product_warehouses_id`, `status`, `unit_price`, `total_price`, `created_at`, `updated_at`) VALUES
(11, 1, 1, 3, 4, 'G', NULL, NULL, NULL, NULL),
(12, 1, 1, 3, 5, 'G', NULL, NULL, NULL, NULL),
(13, 1, 1, 3, 6, 'G', NULL, NULL, NULL, NULL);

-- --------------------------------------------------------

--
-- Estructura de tabla para la tabla `statuses`
--

CREATE TABLE `statuses` (
  `status_id` bigint(20) UNSIGNED NOT NULL,
  `description` text NOT NULL,
  `category_status` text DEFAULT NULL,
  `created_at` timestamp NULL DEFAULT NULL,
  `updated_at` timestamp NULL DEFAULT NULL
) ENGINE=InnoDB DEFAULT CHARSET=utf8mb4 COLLATE=utf8mb4_unicode_ci;

--
-- Volcado de datos para la tabla `statuses`
--

INSERT INTO `statuses` (`status_id`, `description`, `category_status`, `created_at`, `updated_at`) VALUES
(1, 'Nuevo', 'Productos', '2023-12-29 18:36:48', '2023-12-29 18:36:48'),
(2, 'Bueno', 'Productos', '2023-12-29 18:36:48', '2023-12-29 18:36:48'),
(3, 'Regular', 'Productos', '2023-12-29 18:36:48', '2023-12-29 18:36:48'),
(4, 'Malo Funcional', 'Productos', '2023-12-29 18:36:48', '2023-12-29 18:36:48'),
(5, 'Malo No funcional', 'Productos', '2023-12-29 18:36:48', '2023-12-29 18:36:48'),
(6, 'No paga nada', 'Pagos de Pasajeros', '2023-12-29 18:36:48', '2023-12-29 18:36:48'),
(7, 'Pagado Todo', 'Pagos de Pasajeros', '2023-12-29 18:36:48', '2023-12-29 18:36:48'),
(8, 'Pago Parcial', 'Pagos de Pasajeros', '2023-12-29 18:36:48', '2023-12-29 18:36:48'),
(9, 'No Aplica - Acompañante', 'Pagos de Pasajeros', '2023-12-29 18:36:48', '2023-12-29 18:36:48');

-- --------------------------------------------------------

--
-- Estructura de tabla para la tabla `suppliers`
--

CREATE TABLE `suppliers` (
  `suppliers_id` bigint(20) UNSIGNED NOT NULL,
  `name_store` text DEFAULT NULL,
  `phone` text DEFAULT NULL,
  `address` text DEFAULT NULL,
  `owner` text DEFAULT NULL,
  `created_at` timestamp NULL DEFAULT NULL,
  `updated_at` timestamp NULL DEFAULT NULL
) ENGINE=InnoDB DEFAULT CHARSET=utf8mb4 COLLATE=utf8mb4_unicode_ci;

--
-- Volcado de datos para la tabla `suppliers`
--

INSERT INTO `suppliers` (`suppliers_id`, `name_store`, `phone`, `address`, `owner`, `created_at`, `updated_at`) VALUES
(1, 'Comercial Guacho', '0963124578', 'Riobamba Olmedo y la que cruza', 'Sra Guacho', '2023-12-29 18:36:48', '2023-12-29 18:36:48'),
(2, 'Titan', '9999999', 'Parque Industrial', 'Gerente titan', '2023-12-29 18:36:48', '2023-12-29 18:36:48'),
(3, 'Constante', '0963124578', 'Ibarra - Olmedo y la que cruza', 'Diego Constante', '2023-12-29 18:36:48', '2023-12-29 18:36:48'),
(4, 'Kapak Urku', '0963124578', 'Riobamba - Coliseo', 'Mayor', '2023-12-29 18:36:48', '2023-12-29 18:36:48'),
(5, 'Dicosavi', '0963124578', 'Riobamba - Guayaquil y 5 de junio', 'Mayor', '2023-12-29 18:36:48', '2023-12-29 18:36:48'),
(6, 'Otro', '99999999', 'Sin dirección', 'SN', '2023-12-29 18:36:48', '2023-12-29 18:36:48'),
(7, 'Katherine - Klimbers', '0959821844', 'Quito', 'Katherine', '2024-02-16 19:42:03', '2024-02-16 19:42:03');

-- --------------------------------------------------------

--
-- Estructura de tabla para la tabla `tour_catalogues`
--

CREATE TABLE `tour_catalogues` (
  `tour_catalogues_id` bigint(20) UNSIGNED NOT NULL,
  `tour_name` varchar(255) NOT NULL,
  `tour_destiny` varchar(255) NOT NULL,
  `description` text NOT NULL,
  `include` text NOT NULL,
  `cost_1` double(8,2) NOT NULL,
  `cost_2` double(8,2) NOT NULL,
  `cost_3` double(8,2) NOT NULL,
  `cost_4` double(8,2) NOT NULL,
  `img_1` varchar(255) NOT NULL,
  `img_2` varchar(255) NOT NULL,
  `state` tinyint(1) NOT NULL,
  `type` varchar(255) NOT NULL,
  `dificulty` varchar(255) NOT NULL,
  `discount` double(8,2) NOT NULL,
  `discount_description` varchar(255) NOT NULL,
  `contact_phone` varchar(255) NOT NULL,
  `messagge_for_contact` varchar(255) NOT NULL,
  `varchar_1` varchar(255) DEFAULT NULL,
  `varchar_2` varchar(255) DEFAULT NULL,
  `varchar_3` varchar(255) DEFAULT NULL,
  `last_user` int(11) DEFAULT NULL,
  `created_at` timestamp NULL DEFAULT NULL,
  `updated_at` timestamp NULL DEFAULT NULL
) ENGINE=InnoDB DEFAULT CHARSET=utf8mb4 COLLATE=utf8mb4_unicode_ci;

--
-- Volcado de datos para la tabla `tour_catalogues`
--

INSERT INTO `tour_catalogues` (`tour_catalogues_id`, `tour_name`, `tour_destiny`, `description`, `include`, `cost_1`, `cost_2`, `cost_3`, `cost_4`, `img_1`, `img_2`, `state`, `type`, `dificulty`, `discount`, `discount_description`, `contact_phone`, `messagge_for_contact`, `varchar_1`, `varchar_2`, `varchar_3`, `last_user`, `created_at`, `updated_at`) VALUES
(1, 'PON A PRUEBA TU MENTE Y CUERPO', 'ALTAR - LAGUNA AMARILLA', '🏕️ ¿Quieres vivir una aventura inolvidable en medio de la naturaleza? ¡Te invitamos a nuestro camping en el Nevado El Altar y su hermosa Laguna Amarilla! ⛺.\r\nDesconecta del estrés de la ciudad y reconéctate con la naturaleza en una de las zonas más impresionantes de Ecuador. ¡Reserva ahora tu lugar en nuestro camping en el Nevado El Altar y su Laguna Amarilla! 🏞️🛍️', 'Transporte desde Riobamba, Desayuno Sábado, Cena Sábado, Desayuno Domingo, Guia, Mula de Carga para Equipo de Camping, Carpa de Media-Alta montaña, Sleeping Bag, Aislante Térmico.', 255.00, 135.00, 105.00, 80.00, 'catalogue/r6UZtZ1ZTzIPF20poxIaDiseдo sin tбtulo (9).png', 'catalogue/FCjeLKRBvFdnEFKxpWviDiseдo sin tбtulo (10).png', 1, 'Camping', 'Moderada - Alta', 0.00, 'Ninguno', '0961119670', 'Hola, me ayudan con informacion para el camping en el Altar vi esta publicación en la web', NULL, NULL, NULL, NULL, NULL, '2024-04-23 11:32:02'),
(2, 'CAMPING SOBRE LAS NUBES', 'CERRO PUÑAY', '¡Vive una aventura única en el cerro Puñay con nuestro camping sobre las nubes! 🏕️🌤️🌄 Descubre paisajes mágicos, respira aire puro y admira vistas panorámicas impresionantes. ¡No te pierdas la oportunidad de acampar en la cima! Reserva tu lugar ahora. 🌟🌲☁️🏞️', 'Guia, Ticket de ingreso, Cena Sábado, Desayuno Domingo,  Carpa de Media-Alta montaña, Sleeping Bag, Aislante Térmico, Fogata, Charla Astronómica.', 100.00, 60.00, 45.00, 40.00, 'catalogue/cSwEqsl8jprY9rd5maFrDiseдo sin tбtulo (11).png', 'catalogue/amx6lmD3ZCNP2s69j6HpDiseдo sin tбtulo (12).png', 1, 'Camping', 'Moderada', 0.00, 'Ninguno', '0997159098', 'Hola me gustaría informacion de la ruta de su catalogo hacia el Puñay', NULL, NULL, NULL, NULL, NULL, '2024-01-25 10:17:04'),
(3, 'GARGANTA DE FUEGO', 'TUNGURAHUA', '¡Únete a nosotros en una aventura inolvidable en el Volcán Tungurahua! 🌋🏞️ Disfruta de paisajes espectaculares y descansa en el refugio de montaña después de un día de exploración. 🏕️🌟 Este tour de 2 días te permitirá sumergirte en la naturaleza y admirar la majestuosidad del volcán. ¡No te lo pierdas! Reserva tu lugar ahora. 🙌🌄🌌', 'Transporte desde Baños, Cena Sábado, Desayuno Domingo, Estadía en el refugio, Sleeping, Casco, Crampones, Guia, Recuerdo de Ruta', 180.00, 99.00, 99.00, 99.00, 'catalogue/BTXDK1Q2S3jLxa7SGRLHDiseдo sin tбtulo (14).png', 'catalogue/cQCvO2htqyaqPJGWjSjMDiseдo sin tбtulo (13).png', 1, 'Camping', 'Alta', 0.00, '0', '0993786135', 'Hola me gustaría tener información para la ruta al Tungurahua. Vi esto en la web', NULL, NULL, NULL, NULL, NULL, '2024-01-25 10:17:58'),
(4, 'AGUAS TERMALES +', 'LAGUNA CONGELADA CARIHUAIRAZO', '¡Ven y disfruta de una experiencia única en los Andes ecuatorianos con nuestro tour de 2 días! 🌋🏞️🌡️ Sumérgete en las aguas termales del majestuoso Volcán Chimborazo y visita la impresionante Laguna Congelada del Carihuairazo. 🏊❄️ Después de un día lleno de aventuras, descansa en nuestro acogedor refugio de montaña rodeado de paisajes increíbles. 🏕️🌟 ¡No pierdas la oportunidad de vivir una experiencia única en la naturaleza! Reserva tu lugar ahora. 🙌🌄🌌', 'Transporte desde Riobamba, Desayuno Sábado, Box Lounch Sábado Desayuno, Cena Sábado, Desayuno Domingo, Carpa de Media-Alta montaña, Sleeping Bag, Aislante Térmico, Guianza, Costo de Ingreso al Carihuirazo, Costo de Ingreso a Aguas Termales.', 205.00, 123.00, 94.00, 70.00, 'catalogue/hBpLK4Ibb8NgjCHnciN9Diseдo sin tбtulo (15).png', 'catalogue/WTslwGmTTsvVzWVGAHWjDiseдo sin tбtulo (21).png', 1, 'Camping', 'Moderada', 0.00, '0', '0993786135', 'Hola me gustaría tener información para la ruta al Carihuairazo. Vi esto en la web', NULL, NULL, NULL, NULL, NULL, '2024-01-25 10:21:29'),
(5, 'VISITANDO EL CRATER DE UN VOLCÁN', 'QUILOTOA', '🏕️ ¡Descubre la magia del cráter del volcán Quilotoa en nuestro camping de dos días y una noche! 🌋⛺️\r\n\r\n🌄 Sumérgete en la belleza natural de este volcán extinto y disfruta de vistas impresionantes. 🌈🌌\r\n\r\n🥾 Explora senderos escénicos, admira la majestuosidad del cráter y conecta con la energía de la naturaleza. 🌿🌞\r\n\r\n✨ Vive una experiencia única en el corazón de los Andes, rodeado de paisajes cautivadores y tranquilidad absoluta. ¡No hay mejor manera de escapar de la rutina! 🏞️🌿\r\n\r\n¡Únete a nosotros en esta aventura inolvidable en el cráter del volcán Quilotoa! ¡Reserva ahora y vive una experiencia que te dejará sin aliento! 🌋', 'Guia, Ticket de ingreso, Cena Sábado, Desayuno Domingo,  Carpa de Media-Alta montaña, Sleeping Bag, Aislante Térmico, Fogara, Charla Astronómica.', 97.00, 55.00, 41.00, 40.00, 'catalogue/VtZT0OHbynu1GSKL1ySxDiseдo sin tбtulo (17).png', 'catalogue/IctTAyuIbObQWiYuih3DDiseдo sin tбtulo (19).png', 1, 'Camping', 'Moderada - Fácil', 0.00, 'Ninguna', '091119670', 'Hola me gustaría reservar mi cupo para la ruta al Quilotoa', NULL, NULL, NULL, NULL, NULL, '2024-01-25 10:20:07'),
(6, 'AGUAS TERMALES +', 'CHIMBORAZO', '🌄 ¡Explora la majestuosidad del Nevado Chimborazo y sumérgete en las relajantes aguas termales! 🏔️🌊\r\n\r\n🥾 Únete a nuestro tour de un día y déjate sorprender por la imponente belleza de la montaña más alta de Ecuador. 🌟❄️\r\n\r\n🚶‍♀️ Recorreremos senderos impresionantes, maravillándonos con los paisajes de ensueño que nos rodean. 🏞️🌿\r\n\r\n💧 Después de una jornada de exploración, nos sumergiremos en las aguas termales para relajar cuerpo y mente. 🧖‍♀️💦\r\n\r\n¡Prepárate para una experiencia inolvidable en la cima de los Andes! 🗻✨', 'Transporte desde Riobamba, Guía, Desayuno Sábado, Box Lounch, Ingreso a Aguas Termales, Ingreso a reserva chimborazo, Visita Primer y segundo Refugio, Visita Condor Cocha, Canelazo Tradicional, Parádas fotográficas, Recuerdo de Ruta', 131.00, 75.00, 53.00, 42.00, 'catalogue/cvnbCGgCn22nOWlA4IOVDiseдo sin tбtulo (20).png', 'catalogue/cnhviVIkeLvVzWVGAHWjDiseдo sin tбtulo (21).png', 1, 'Camping', 'Moderada - Fácil', 0.00, 'Ninguna', '091119670', 'Hola me gustaría reservar mi cupo para la ruta al Quilotoa', NULL, NULL, NULL, NULL, NULL, '2024-01-25 10:20:42'),
(7, 'CAMINANDO ENTRE MONTAÑAS', 'OJO DEL FANTASMA', '🏕️ ¡Vive una experiencia mágica en el Ojo del Fantasma, en las faldas del imponente Volcán Tungurahua! 👻🌋\r\n\r\n🌄 Únete a nuestro camping de dos días y una noche y adéntrate en un mundo lleno de misterio y encanto. 🌌🌿\r\n\r\n🌟 Disfruta de un entorno natural único, rodeado de exuberante vegetación y paisajes impresionantes. 🏞️🌿\r\n\r\n🏕️ Acampa bajo el cielo estrellado, mientras el Volcán Tungurahua custodia tus sueños. 🌠⛺️\r\n\r\n🔥 Comparte historias alrededor de la fogata, conecta con la naturaleza y crea recuerdos inolvidables. 🔥🌌\r\n\r\n¡No pierdas la oportunidad de vivir esta experiencia única en el Ojo del Fantasma! 🏕️✨', 'Guia, Transporte desde Riobamba, Ticket de ingreso, Cena Sábado, Desayuno Domingo,  Carpa de Media-Alta montaña, Sleeping Bag, Aislante Térmico, Fogara, Charla Astronómica.', 119.00, 67.00, 49.00, 40.00, 'catalogue/QPn1nzZLxfMFUP3DoUScDiseдo sin tбtulo (22).png', 'catalogue/RNGcaAA78hoXPIKBT6LzDiseдo sin tбtulo (23).png', 1, 'Camping', 'Moderada - Fácil', 0.00, 'Ninguna', '091119670', 'Hola me gustaría reservar mi cupo para la ruta al Ojo del Fantasma', NULL, NULL, NULL, NULL, NULL, '2024-02-20 22:16:41'),
(8, 'EL ALTAR DESDE OTRA PERSPECTIVA', 'ALTAR LAGUNA AZUL', '🏕️ ¿Quieres vivir una aventura inolvidable en medio de la naturaleza? ¡Te invitamos a nuestro camping en el Nevado El Altar y su hermosa Laguna Azul! ⛺.\r\nDesconecta del estrés de la ciudad y reconéctate con la naturaleza en una de las zonas más impresionantes de Ecuador. ¡Reserva ahora tu lugar en nuestro camping en el Nevado El Altar y su Laguna Azul! 🏞️🛍️', 'Guía, Transporte, Carpa, Aislante térmico, sleeping , Merienda sábado, Desayuno Domingo, Ticket de entrada, Charla sobre constelaciones', 200.00, 123.00, 95.00, 70.00, 'catalogue/lTmUMZ5z7TImagen para redes Sociales Viaje foto sacramento.png', 'catalogue/Tt122Vx2RRImagen para redes Sociales Viaje foto sacramento (1).png', 1, 'Camping', 'Moderada - Alta', 0.00, 'Ninguno', '0961119670', 'Por favor me ayudas con información del Altar, vi esta publicación en la web.', NULL, NULL, NULL, NULL, '2024-02-15 16:44:27', '2024-02-18 09:17:32'),
(10, 'EXPLORANDO', 'iLLIniza NORTE', '¡Sumérgete en la majestuosidad del Illiniza Norte en nuestro tour de un día! 🌄🏃\r\n🏞️ Explora un volcán: Descubre los secretos y misterios que alberga el Illiniza Norte 🌋.\r\n📸 Captura momentos únicos: Inmortaliza la aventura y comparte recuerdos inolvidables 📸.\r\n💪 ¡Prepárate para una experiencia de aventura y desafío en el majestuoso Illiniza Norte! Reserva ahora y vive una experiencia que recordarás toda la vida. 🗓️🏞️ #IllinizaNorte #FullDay #Andes #Aventura #Naturaleza #TurismoEcuador #EcuadorNature #AventuraEnLosAndes #Illiniza #TourAndino', 'Transporte desde Quito, Charla sobre la fauna y flora del lugar, Ingreso Parque Nacional, Casco de montaña, Cuerda de apoyo', 110.00, 90.00, 75.00, 50.00, 'catalogue/X1SOTSa76aImagen para redes Sociales Viaje foto sacramento (10).png', 'catalogue/8AARRXKh10Imagen para redes Sociales Viaje foto sacramento (10).png', 1, 'Full Day', 'Moderada - Alta', 0.00, '0', '0993786135', 'Hola Deseo info de los Illinizas porfa', NULL, NULL, NULL, NULL, '2024-02-18 20:46:31', NULL),
(11, 'CONVERSANDO CON EL CHIMBORAZO', 'TEMPLO MACHAY', '¡Descubre la magia del Templo Machay en un tour de un día! 🏞️🌌\r\n🗿 Explora un sitio con muchos paisajes: Descubre los misterios y la historia del Templo Machay 🏛️.\r\n⛰️ Contempla la majestuosidad del Chimborazo: Observa el majestuoso volcán y su entorno desde las faldas 🌋.\r\n🌌 Vive un atardecer inolvidable: Maravíllate con los colores del atardecer en el Templo Machay 🌅.\r\n📸 Captura momentos únicos: Inmortaliza la aventura y comparte recuerdos inolvidables 📸.', 'Transporte desde Riobamba, Guía, Ticket de entrada, Charla sobre flora y fauna del lugar, Refrigerio, Parada gastronómica, parada fotográfica.', 90.00, 50.00, 40.00, 35.00, 'catalogue/8FXWhiyhdMImagen para redes Sociales Viaje foto sacramento (12).png', 'catalogue/1wgDEZan4OImagen para redes Sociales Viaje foto sacramento (11).png', 1, 'Full Day', 'Moderada - Alta', 0.00, '0', '0961119670', 'Hola Deseo info del Templo Machay', NULL, NULL, NULL, NULL, '2024-02-18 21:50:43', NULL);

-- --------------------------------------------------------

--
-- Estructura de tabla para la tabla `warehouses`
--

CREATE TABLE `warehouses` (
  `warehouse_id` bigint(20) UNSIGNED NOT NULL,
  `description` text DEFAULT NULL,
  `address` text DEFAULT NULL,
  `phone` text DEFAULT NULL,
  `observation` text DEFAULT NULL,
  `created_at` timestamp NULL DEFAULT NULL,
  `updated_at` timestamp NULL DEFAULT NULL
) ENGINE=InnoDB DEFAULT CHARSET=utf8mb4 COLLATE=utf8mb4_unicode_ci;

--
-- Volcado de datos para la tabla `warehouses`
--

INSERT INTO `warehouses` (`warehouse_id`, `description`, `address`, `phone`, `observation`, `created_at`, `updated_at`) VALUES
(1, 'General', 'Oficina CCH', '0961119670', 'Aquí están las cosas para alquilar y vender', '2023-12-29 18:36:48', '2023-12-29 18:36:48'),
(2, 'Bodega Dario', 'Tierra Nueva', '0961119670', '', '2023-12-29 18:36:48', '2023-12-29 18:36:48'),
(3, 'Bodega Jhon', 'Mercado la esperanza', '0997159098', '', '2023-12-29 18:36:48', '2023-12-29 18:36:48'),
(4, 'Bodega Luis', 'Complejo la Panadería', '0993786135', 'Bodega casa Luchin', '2023-12-29 18:36:48', '2023-12-29 18:36:48'),
(5, 'Bodega Alimentación', 'Redondel del Libro', '0995300403', 'Mamá Darío - María Paca', '2023-12-29 18:36:48', '2023-12-29 18:36:48');

--
-- Índices para tablas volcadas
--

--
-- Indices de la tabla `bank_accounts`
--
ALTER TABLE `bank_accounts`
  ADD PRIMARY KEY (`bank_accounts_id`);

--
-- Indices de la tabla `bank_accounts_tours`
--
ALTER TABLE `bank_accounts_tours`
  ADD PRIMARY KEY (`bank_account_tour_id`);

--
-- Indices de la tabla `categories`
--
ALTER TABLE `categories`
  ADD PRIMARY KEY (`categories_id`);

--
-- Indices de la tabla `equipment`
--
ALTER TABLE `equipment`
  ADD PRIMARY KEY (`equipment_id`);

--
-- Indices de la tabla `equipment_rents`
--
ALTER TABLE `equipment_rents`
  ADD PRIMARY KEY (`equipment_rent_id`);

--
-- Indices de la tabla `expenses_tours`
--
ALTER TABLE `expenses_tours`
  ADD PRIMARY KEY (`expense_tour_id`);

--
-- Indices de la tabla `exposition_tours`
--
ALTER TABLE `exposition_tours`
  ADD PRIMARY KEY (`exposition_tour_id`);

--
-- Indices de la tabla `failed_jobs`
--
ALTER TABLE `failed_jobs`
  ADD PRIMARY KEY (`id`),
  ADD UNIQUE KEY `failed_jobs_uuid_unique` (`uuid`);

--
-- Indices de la tabla `galleries`
--
ALTER TABLE `galleries`
  ADD PRIMARY KEY (`gallery_id`);

--
-- Indices de la tabla `incomes_tours`
--
ALTER TABLE `incomes_tours`
  ADD PRIMARY KEY (`income_tour_id`);

--
-- Indices de la tabla `inventories`
--
ALTER TABLE `inventories`
  ADD PRIMARY KEY (`inventories_id`);

--
-- Indices de la tabla `listas`
--
ALTER TABLE `listas`
  ADD PRIMARY KEY (`list_id`);

--
-- Indices de la tabla `migrations`
--
ALTER TABLE `migrations`
  ADD PRIMARY KEY (`id`);

--
-- Indices de la tabla `monthly_tours`
--
ALTER TABLE `monthly_tours`
  ADD PRIMARY KEY (`monthly_tour_id`);

--
-- Indices de la tabla `monthly_tours_users`
--
ALTER TABLE `monthly_tours_users`
  ADD PRIMARY KEY (`monthly_tour_user_id`);

--
-- Indices de la tabla `oauth_auth_codes`
--
ALTER TABLE `oauth_auth_codes`
  ADD PRIMARY KEY (`id`),
  ADD KEY `oauth_auth_codes_user_id_index` (`user_id`);

--
-- Indices de la tabla `oauth_personal_access_clients`
--
ALTER TABLE `oauth_personal_access_clients`
  ADD PRIMARY KEY (`id`);

--
-- Indices de la tabla `passenger_lists`
--
ALTER TABLE `passenger_lists`
  ADD PRIMARY KEY (`passenger_lists_id`);

--
-- Indices de la tabla `passenger_list_monthly_tours`
--
ALTER TABLE `passenger_list_monthly_tours`
  ADD PRIMARY KEY (`passenger_list_monthly_tours`);

--
-- Indices de la tabla `products`
--
ALTER TABLE `products`
  ADD PRIMARY KEY (`product_id`);

--
-- Indices de la tabla `product_warehouses`
--
ALTER TABLE `product_warehouses`
  ADD PRIMARY KEY (`product_warehouses_id`);

--
-- Indices de la tabla `produts_list_warehouses`
--
ALTER TABLE `produts_list_warehouses`
  ADD PRIMARY KEY (`id`);

--
-- Indices de la tabla `request_complete_products`
--
ALTER TABLE `request_complete_products`
  ADD PRIMARY KEY (`request_complete_products_id`);

--
-- Indices de la tabla `request_products_to_warehouses`
--
ALTER TABLE `request_products_to_warehouses`
  ADD PRIMARY KEY (`request_products_to_warehouses_id`);

--
-- Indices de la tabla `statuses`
--
ALTER TABLE `statuses`
  ADD PRIMARY KEY (`status_id`);

--
-- Indices de la tabla `suppliers`
--
ALTER TABLE `suppliers`
  ADD PRIMARY KEY (`suppliers_id`);

--
-- Indices de la tabla `tour_catalogues`
--
ALTER TABLE `tour_catalogues`
  ADD PRIMARY KEY (`tour_catalogues_id`);

--
-- Indices de la tabla `warehouses`
--
ALTER TABLE `warehouses`
  ADD PRIMARY KEY (`warehouse_id`);

--
-- AUTO_INCREMENT de las tablas volcadas
--

--
-- AUTO_INCREMENT de la tabla `bank_accounts`
--
ALTER TABLE `bank_accounts`
  MODIFY `bank_accounts_id` bigint(20) UNSIGNED NOT NULL AUTO_INCREMENT;

--
-- AUTO_INCREMENT de la tabla `bank_accounts_tours`
--
ALTER TABLE `bank_accounts_tours`
  MODIFY `bank_account_tour_id` bigint(20) UNSIGNED NOT NULL AUTO_INCREMENT;

--
-- AUTO_INCREMENT de la tabla `categories`
--
ALTER TABLE `categories`
  MODIFY `categories_id` bigint(20) UNSIGNED NOT NULL AUTO_INCREMENT, AUTO_INCREMENT=14;

--
-- AUTO_INCREMENT de la tabla `equipment`
--
ALTER TABLE `equipment`
  MODIFY `equipment_id` bigint(20) UNSIGNED NOT NULL AUTO_INCREMENT, AUTO_INCREMENT=5;

--
-- AUTO_INCREMENT de la tabla `equipment_rents`
--
ALTER TABLE `equipment_rents`
  MODIFY `equipment_rent_id` bigint(20) UNSIGNED NOT NULL AUTO_INCREMENT, AUTO_INCREMENT=15;

--
-- AUTO_INCREMENT de la tabla `expenses_tours`
--
ALTER TABLE `expenses_tours`
  MODIFY `expense_tour_id` bigint(20) UNSIGNED NOT NULL AUTO_INCREMENT;

--
-- AUTO_INCREMENT de la tabla `exposition_tours`
--
ALTER TABLE `exposition_tours`
  MODIFY `exposition_tour_id` bigint(20) UNSIGNED NOT NULL AUTO_INCREMENT;

--
-- AUTO_INCREMENT de la tabla `failed_jobs`
--
ALTER TABLE `failed_jobs`
  MODIFY `id` bigint(20) UNSIGNED NOT NULL AUTO_INCREMENT;

--
-- AUTO_INCREMENT de la tabla `galleries`
--
ALTER TABLE `galleries`
  MODIFY `gallery_id` bigint(20) UNSIGNED NOT NULL AUTO_INCREMENT, AUTO_INCREMENT=18;

--
-- AUTO_INCREMENT de la tabla `incomes_tours`
--
ALTER TABLE `incomes_tours`
  MODIFY `income_tour_id` bigint(20) UNSIGNED NOT NULL AUTO_INCREMENT;

--
-- AUTO_INCREMENT de la tabla `inventories`
--
ALTER TABLE `inventories`
  MODIFY `inventories_id` bigint(20) UNSIGNED NOT NULL AUTO_INCREMENT, AUTO_INCREMENT=15;

--
-- AUTO_INCREMENT de la tabla `listas`
--
ALTER TABLE `listas`
  MODIFY `list_id` bigint(20) UNSIGNED NOT NULL AUTO_INCREMENT, AUTO_INCREMENT=2;

--
-- AUTO_INCREMENT de la tabla `migrations`
--
ALTER TABLE `migrations`
  MODIFY `id` int(10) UNSIGNED NOT NULL AUTO_INCREMENT, AUTO_INCREMENT=34;

--
-- AUTO_INCREMENT de la tabla `monthly_tours`
--
ALTER TABLE `monthly_tours`
  MODIFY `monthly_tour_id` bigint(20) UNSIGNED NOT NULL AUTO_INCREMENT, AUTO_INCREMENT=34;

--
-- AUTO_INCREMENT de la tabla `monthly_tours_users`
--
ALTER TABLE `monthly_tours_users`
  MODIFY `monthly_tour_user_id` bigint(20) UNSIGNED NOT NULL AUTO_INCREMENT;

--
-- AUTO_INCREMENT de la tabla `oauth_personal_access_clients`
--
ALTER TABLE `oauth_personal_access_clients`
  MODIFY `id` bigint(20) UNSIGNED NOT NULL AUTO_INCREMENT, AUTO_INCREMENT=2;

--
-- AUTO_INCREMENT de la tabla `passenger_lists`
--
ALTER TABLE `passenger_lists`
  MODIFY `passenger_lists_id` bigint(20) UNSIGNED NOT NULL AUTO_INCREMENT;

--
-- AUTO_INCREMENT de la tabla `passenger_list_monthly_tours`
--
ALTER TABLE `passenger_list_monthly_tours`
  MODIFY `passenger_list_monthly_tours` bigint(20) UNSIGNED NOT NULL AUTO_INCREMENT;

--
-- AUTO_INCREMENT de la tabla `products`
--
ALTER TABLE `products`
  MODIFY `product_id` bigint(20) UNSIGNED NOT NULL AUTO_INCREMENT, AUTO_INCREMENT=18;

--
-- AUTO_INCREMENT de la tabla `product_warehouses`
--
ALTER TABLE `product_warehouses`
  MODIFY `product_warehouses_id` bigint(20) UNSIGNED NOT NULL AUTO_INCREMENT, AUTO_INCREMENT=16;

--
-- AUTO_INCREMENT de la tabla `produts_list_warehouses`
--
ALTER TABLE `produts_list_warehouses`
  MODIFY `id` bigint(20) UNSIGNED NOT NULL AUTO_INCREMENT;

--
-- AUTO_INCREMENT de la tabla `request_complete_products`
--
ALTER TABLE `request_complete_products`
  MODIFY `request_complete_products_id` bigint(20) UNSIGNED NOT NULL AUTO_INCREMENT, AUTO_INCREMENT=4;

--
-- AUTO_INCREMENT de la tabla `request_products_to_warehouses`
--
ALTER TABLE `request_products_to_warehouses`
  MODIFY `request_products_to_warehouses_id` bigint(20) UNSIGNED NOT NULL AUTO_INCREMENT, AUTO_INCREMENT=14;

--
-- AUTO_INCREMENT de la tabla `statuses`
--
ALTER TABLE `statuses`
  MODIFY `status_id` bigint(20) UNSIGNED NOT NULL AUTO_INCREMENT, AUTO_INCREMENT=10;

--
-- AUTO_INCREMENT de la tabla `suppliers`
--
ALTER TABLE `suppliers`
  MODIFY `suppliers_id` bigint(20) UNSIGNED NOT NULL AUTO_INCREMENT, AUTO_INCREMENT=8;

--
-- AUTO_INCREMENT de la tabla `tour_catalogues`
--
ALTER TABLE `tour_catalogues`
  MODIFY `tour_catalogues_id` bigint(20) UNSIGNED NOT NULL AUTO_INCREMENT, AUTO_INCREMENT=12;

--
-- AUTO_INCREMENT de la tabla `warehouses`
--
ALTER TABLE `warehouses`
  MODIFY `warehouse_id` bigint(20) UNSIGNED NOT NULL AUTO_INCREMENT, AUTO_INCREMENT=6;
COMMIT;

